CRAN Package Check Results for Package rwunderground

Last updated on 2025-07-13 12:49:28 CEST.

Flavor Version Tinstall Tcheck Ttotal Status Flags
r-devel-linux-x86_64-debian-clang 0.1.8 3.09 27.62 30.71 NOTE
r-devel-linux-x86_64-debian-gcc 0.1.8 1.90 22.17 24.07 NOTE
r-devel-linux-x86_64-fedora-clang 0.1.8 46.43 OK
r-devel-linux-x86_64-fedora-gcc 0.1.8 45.49 OK
r-devel-windows-x86_64 0.1.8 5.00 58.00 63.00 OK
r-patched-linux-x86_64 0.1.8 3.15 25.74 28.89 OK
r-release-linux-x86_64 0.1.8 3.13 25.69 28.82 OK
r-release-macos-arm64 0.1.8 19.00 OK
r-release-macos-x86_64 0.1.8 30.00 OK
r-release-windows-x86_64 0.1.8 6.00 61.00 67.00 OK
r-oldrel-macos-arm64 0.1.8 19.00 NOTE
r-oldrel-macos-x86_64 0.1.8 30.00 NOTE
r-oldrel-windows-x86_64 0.1.8 6.00 62.00 68.00 NOTE

Check Details

Version: 0.1.8
Check: CRAN incoming feasibility
Result: NOTE Maintainer: ‘Eric Hare <eric@omnianalytics.io>’ No Authors@R field in DESCRIPTION. Please add one, modifying Authors@R: c(person(given = "Alex", family = "Shum", role = "aut", email = "alex@ALShum.com"), person(given = "Eric", family = "Hare", role = "cre", email = "eric@omnianalytics.io")) as necessary. Flavors: r-devel-linux-x86_64-debian-clang, r-devel-linux-x86_64-debian-gcc

Version: 0.1.8
Check: LazyData
Result: NOTE 'LazyData' is specified without a 'data' directory Flavors: r-oldrel-macos-arm64, r-oldrel-macos-x86_64, r-oldrel-windows-x86_64