Last updated on 2024-04-17 10:41:49 CEST.
Flavor | Version | Tinstall | Tcheck | Ttotal | Status | Flags |
---|---|---|---|---|---|---|
r-devel-linux-x86_64-debian-clang | 1.3-8 | 31.44 | 415.32 | 446.76 | OK | |
r-devel-linux-x86_64-debian-gcc | 1.3-8 | 24.74 | 288.64 | 313.38 | OK | |
r-devel-linux-x86_64-fedora-clang | 1.3-8 | 539.95 | NOTE | |||
r-devel-linux-x86_64-fedora-gcc | 1.3-8 | 536.16 | OK | |||
r-prerel-macos-arm64 | 1.3-8 | 124.00 | NOTE | |||
r-prerel-windows-x86_64 | 1.3-8 | 27.00 | 282.00 | 309.00 | NOTE | |
r-patched-linux-x86_64 | 1.3-8 | 25.40 | 381.17 | 406.57 | OK | |
r-release-linux-x86_64 | 1.3-8 | 35.89 | 392.43 | 428.32 | OK | |
r-release-macos-arm64 | 1.3-8 | 151.00 | NOTE | |||
r-release-macos-x86_64 | 1.3-8 | 414.00 | NOTE | |||
r-release-windows-x86_64 | 1.3-8 | 39.00 | 363.00 | 402.00 | NOTE | |
r-oldrel-macos-arm64 | 1.3-8 | 122.00 | NOTE | |||
r-oldrel-windows-x86_64 | 1.3-8 | 39.00 | 333.00 | 372.00 | NOTE |
Version: 1.3-8
Check: installed package size
Result: NOTE
installed size is 6.3Mb
sub-directories of 1Mb or more:
data 2.1Mb
doc 3.9Mb
Flavors: r-devel-linux-x86_64-fedora-clang, r-prerel-macos-arm64, r-prerel-windows-x86_64, r-release-macos-arm64, r-release-macos-x86_64, r-release-windows-x86_64, r-oldrel-macos-arm64, r-oldrel-windows-x86_64