CRAN Package Check Results for Package rwebstat

Last updated on 2022-06-28 12:52:36 CEST.

Flavor Version Tinstall Tcheck Ttotal Status Flags
r-devel-linux-x86_64-debian-clang 1.1.0 6.92 56.43 63.35 NOTE
r-devel-linux-x86_64-debian-gcc 1.1.0 5.18 42.38 47.56 NOTE
r-devel-linux-x86_64-fedora-clang 1.1.0 86.58 NOTE
r-devel-linux-x86_64-fedora-gcc 1.1.0 84.12 NOTE
r-devel-windows-x86_64 1.1.0 20.00 82.00 102.00 NOTE
r-patched-linux-x86_64 1.1.0 6.19 52.20 58.39 NOTE
r-release-linux-x86_64 1.1.0 4.20 54.32 58.52 NOTE
r-release-macos-arm64 1.1.0 26.00 NOTE
r-release-macos-x86_64 1.1.0 46.00 NOTE
r-release-windows-x86_64 1.1.0 24.00 83.00 107.00 NOTE
r-oldrel-macos-arm64 1.1.0 30.00 NOTE
r-oldrel-macos-x86_64 1.1.0 37.00 NOTE
r-oldrel-windows-ix86+x86_64 1.1.0 16.00 76.00 92.00 NOTE

Check Details

Version: 1.1.0
Check: LazyData
Result: NOTE
     'LazyData' is specified without a 'data' directory
Flavors: r-devel-linux-x86_64-debian-clang, r-devel-linux-x86_64-debian-gcc, r-devel-linux-x86_64-fedora-clang, r-devel-linux-x86_64-fedora-gcc, r-devel-windows-x86_64, r-patched-linux-x86_64, r-release-linux-x86_64, r-release-macos-arm64, r-release-macos-x86_64, r-release-windows-x86_64, r-oldrel-macos-arm64, r-oldrel-macos-x86_64, r-oldrel-windows-ix86+x86_64

Version: 1.1.0
Check: dependencies in R code
Result: NOTE
    Namespace in Imports field not imported from: ‘htmltools’
     All declared Imports should be used.
Flavors: r-devel-linux-x86_64-fedora-clang, r-devel-linux-x86_64-fedora-gcc, r-release-macos-arm64, r-release-macos-x86_64, r-oldrel-macos-arm64, r-oldrel-macos-x86_64