Last updated on 2024-03-29 09:55:35 CET.
Flavor | Version | Tinstall | Tcheck | Ttotal | Status | Flags |
---|---|---|---|---|---|---|
r-devel-linux-x86_64-debian-clang | 1.11 | 37.27 | 316.53 | 353.80 | NOTE | |
r-devel-linux-x86_64-debian-gcc | 1.11 | 28.18 | 223.66 | 251.84 | NOTE | |
r-devel-linux-x86_64-fedora-clang | 1.11 | 416.81 | NOTE | |||
r-devel-linux-x86_64-fedora-gcc | 1.11 | 411.89 | NOTE | |||
r-devel-windows-x86_64 | 1.11 | 25.00 | 186.00 | 211.00 | NOTE | |
r-patched-linux-x86_64 | 1.11 | 36.12 | 301.02 | 337.14 | NOTE | |
r-release-linux-x86_64 | 1.11 | 28.93 | 293.05 | 321.98 | OK | |
r-release-macos-arm64 | 1.11 | 100.00 | OK | |||
r-release-macos-x86_64 | 1.11 | 184.00 | OK | |||
r-release-windows-x86_64 | 1.11 | 35.00 | 263.00 | 298.00 | OK | |
r-oldrel-macos-arm64 | 1.11 | 76.00 | OK | |||
r-oldrel-windows-x86_64 | 1.11 | 37.00 | 249.00 | 286.00 | OK |
Version: 1.11
Check: Rd files
Result: NOTE
checkRd: (-1) dGenWish.Rd:48: Lost braces
48 | -df/2*log|L(2*Sigma)L'| -1/2*tr{ (L(2*Sigma)L')^-1 L(-D)L' }
| ^
checkRd: (-1) get.Q.Rd:9: Lost braces
9 | equal to exp{b1*x_1ij + ... + bp*x_pij}, where beta=(b1,b2,...,bp) is
| ^
checkRd: (-1) get.Q.Rd:10: Lost braces; missing escapes or markup?
10 | a vector of log-conductance values of the covariates {x_kij}. Each
| ^
checkRd: (-1) mcmc.wish.icar.Rd:73: Lost braces; missing escapes or markup?
73 | a vector of log-conductance values of the covariates {x_kij}. Each
| ^
Flavors: r-devel-linux-x86_64-debian-clang, r-devel-linux-x86_64-debian-gcc, r-devel-linux-x86_64-fedora-clang, r-devel-linux-x86_64-fedora-gcc, r-devel-windows-x86_64, r-patched-linux-x86_64