Last updated on 2024-04-19 11:57:00 CEST.
Flavor | Version | Tinstall | Tcheck | Ttotal | Status | Flags |
---|---|---|---|---|---|---|
r-devel-linux-x86_64-debian-clang | 1.0.4 | 1.81 | 22.76 | 24.57 | NOTE | |
r-devel-linux-x86_64-debian-gcc | 1.0.4 | NOTE | ||||
r-devel-linux-x86_64-fedora-clang | 1.0.4 | 30.73 | NOTE | |||
r-devel-linux-x86_64-fedora-gcc | 1.0.4 | 29.89 | NOTE | |||
r-prerel-macos-arm64 | 1.0.4 | 16.00 | NOTE | |||
r-prerel-windows-x86_64 | 1.0.4 | 3.00 | 44.00 | 47.00 | NOTE | |
r-patched-linux-x86_64 | 1.0.4 | 2.12 | 20.92 | 23.04 | NOTE | |
r-release-linux-x86_64 | 1.0.4 | 2.15 | 21.79 | 23.94 | NOTE | |
r-release-macos-arm64 | 1.0.4 | 17.00 | NOTE | |||
r-release-macos-x86_64 | 1.0.4 | 20.00 | NOTE | |||
r-release-windows-x86_64 | 1.0.4 | 3.00 | 34.00 | 37.00 | NOTE | |
r-oldrel-macos-arm64 | 1.0.4 | 16.00 | NOTE | |||
r-oldrel-windows-x86_64 | 1.0.4 | 4.00 | 42.00 | 46.00 | NOTE |
Version: 1.0.4
Check: LazyData
Result: NOTE
'LazyData' is specified without a 'data' directory
Flavors: r-devel-linux-x86_64-debian-clang, r-devel-linux-x86_64-debian-gcc, r-devel-linux-x86_64-fedora-clang, r-devel-linux-x86_64-fedora-gcc, r-prerel-macos-arm64, r-prerel-windows-x86_64, r-patched-linux-x86_64, r-release-linux-x86_64, r-release-macos-arm64, r-release-macos-x86_64, r-release-windows-x86_64, r-oldrel-macos-arm64, r-oldrel-windows-x86_64