Last updated on 2023-09-27 12:03:00 CEST.
Flavor | Version | Tinstall | Tcheck | Ttotal | Status | Flags |
---|---|---|---|---|---|---|
r-devel-linux-x86_64-debian-clang | 0.4.3 | 75.26 | 46.61 | 121.87 | NOTE | |
r-devel-linux-x86_64-debian-gcc | 0.4.3 | 43.35 | 35.15 | 78.50 | NOTE | |
r-devel-linux-x86_64-fedora-clang | 0.4.3 | 168.81 | NOTE | |||
r-devel-linux-x86_64-fedora-gcc | 0.4.3 | 187.90 | NOTE | |||
r-devel-windows-x86_64 | 0.4.3 | 55.00 | 85.00 | 140.00 | NOTE | |
r-patched-linux-x86_64 | 0.4.3 | 70.37 | 44.59 | 114.96 | OK | |
r-release-linux-x86_64 | 0.4.3 | 71.72 | 44.22 | 115.94 | OK | |
r-release-macos-arm64 | 0.4.3 | 53.00 | OK | |||
r-release-macos-x86_64 | 0.4.3 | 109.00 | OK | |||
r-release-windows-x86_64 | 0.4.3 | 75.00 | 94.00 | 169.00 | OK | |
r-oldrel-macos-arm64 | 0.4.3 | 53.00 | OK | |||
r-oldrel-macos-x86_64 | 0.4.3 | 116.00 | OK | |||
r-oldrel-windows-x86_64 | 0.4.3 | 75.00 | 93.00 | 168.00 | OK |
Version: 0.4.3
Check: Rd \usage sections
Result: NOTE
Documented arguments not in \usage in documentation object '.is_datetime_valid':
‘(`character`)’
Functions with \usage entries need to have the appropriate \alias
entries, and all their arguments documented.
The \usage entries must correspond to syntactically valid R code.
See chapter ‘Writing R documentation files’ in the ‘Writing R
Extensions’ manual.
Flavors: r-devel-linux-x86_64-debian-clang, r-devel-linux-x86_64-debian-gcc, r-devel-linux-x86_64-fedora-clang, r-devel-linux-x86_64-fedora-gcc, r-devel-windows-x86_64