CRAN Package Check Results for Package runner

Last updated on 2024-03-02 11:49:44 CET.

Flavor Version Tinstall Tcheck Ttotal Status Flags
r-devel-linux-x86_64-debian-clang 0.4.3 75.48 46.74 122.22 NOTE
r-devel-linux-x86_64-debian-gcc 0.4.3 52.98 35.74 88.72 NOTE
r-devel-linux-x86_64-fedora-clang 0.4.3 170.12 NOTE
r-devel-linux-x86_64-fedora-gcc 0.4.3 187.42 NOTE
r-devel-windows-x86_64 0.4.3 54.00 85.00 139.00 NOTE
r-patched-linux-x86_64 0.4.3 73.42 45.74 119.16 OK
r-release-linux-x86_64 0.4.3 69.96 44.67 114.63 OK
r-release-macos-arm64 0.4.3 53.00 OK
r-release-macos-x86_64 0.4.3 109.00 OK
r-release-windows-x86_64 0.4.3 61.00 94.00 155.00 OK
r-oldrel-macos-arm64 0.4.3 53.00 OK
r-oldrel-windows-x86_64 0.4.3 66.00 95.00 161.00 OK

Check Details

Version: 0.4.3
Check: Rd files
Result: NOTE checkRd: (-1) max_run.Rd:57: Lost braces; missing escapes or markup? 57 | max {numeric} vector of length equals length of \code{x}. | ^ checkRd: (-1) mean_run.Rd:48: Lost braces; missing escapes or markup? 48 | mean {numeric} vector of length equals length of \code{x}. | ^ checkRd: (-1) min_run.Rd:57: Lost braces; missing escapes or markup? 57 | min {numeric} vector of length equals length of \code{x}. | ^ checkRd: (-1) runner.Rd:160-165: Lost braces in \itemize; meant \describe ? checkRd: (-1) runner.Rd:166-172: Lost braces in \itemize; meant \describe ? checkRd: (-1) runner.Rd:173-182: Lost braces in \itemize; meant \describe ? checkRd: (-1) runner.Rd:183-194: Lost braces in \itemize; meant \describe ? Flavors: r-devel-linux-x86_64-debian-clang, r-devel-linux-x86_64-debian-gcc, r-devel-linux-x86_64-fedora-clang, r-devel-linux-x86_64-fedora-gcc

Version: 0.4.3
Check: Rd \usage sections
Result: NOTE Documented arguments not in \usage in Rd file 'dot-is_datetime_valid.Rd': ‘(`character`)’ Functions with \usage entries need to have the appropriate \alias entries, and all their arguments documented. The \usage entries must correspond to syntactically valid R code. See chapter ‘Writing R documentation files’ in the ‘Writing R Extensions’ manual. Flavors: r-devel-linux-x86_64-debian-clang, r-devel-linux-x86_64-debian-gcc, r-devel-linux-x86_64-fedora-clang, r-devel-linux-x86_64-fedora-gcc, r-devel-windows-x86_64