Last updated on 2025-01-18 15:03:00 CET.
Flavor | Version | Tinstall | Tcheck | Ttotal | Status | Flags |
---|---|---|---|---|---|---|
r-devel-linux-x86_64-debian-clang | 2.2.2-4 | 32.21 | 201.86 | 234.07 | NOTE | |
r-devel-linux-x86_64-debian-gcc | 2.2.2-4 | 19.92 | 142.14 | 162.06 | NOTE | |
r-devel-linux-x86_64-fedora-clang | 2.2.2-4 | 409.41 | NOTE | |||
r-devel-linux-x86_64-fedora-gcc | 2.2.2-4 | 461.56 | NOTE | |||
r-devel-windows-x86_64 | 2.2.2-4 | 42.00 | 88.00 | 130.00 | OK | --no-examples --no-tests --no-vignettes |
r-patched-linux-x86_64 | 2.2.2-4 | 28.20 | 191.41 | 219.61 | OK | |
r-release-linux-x86_64 | 2.2.2-4 | 26.16 | 190.46 | 216.62 | OK | |
r-release-macos-arm64 | 2.2.2-4 | 209.00 | OK | |||
r-release-macos-x86_64 | 2.2.2-4 | 463.00 | OK | |||
r-release-windows-x86_64 | 2.2.2-4 | 41.00 | 87.00 | 128.00 | OK | --no-examples --no-tests --no-vignettes |
r-oldrel-macos-arm64 | 2.2.2-4 | 216.00 | OK | |||
r-oldrel-macos-x86_64 | 2.2.2-4 | 483.00 | OK | |||
r-oldrel-windows-x86_64 | 2.2.2-4 | 51.00 | 92.00 | 143.00 | OK | --no-examples --no-tests --no-vignettes |
Version: 2.2.2-4
Check: top-level files
Result: NOTE
possible bashism in configure.ac line 34 (test -a/-o):
if test [ -z "${JAGS_LIBS}" -a -z "${JAGS_CFLAGS}" ] ; then
Flavors: r-devel-linux-x86_64-debian-clang, r-devel-linux-x86_64-debian-gcc, r-devel-linux-x86_64-fedora-clang, r-devel-linux-x86_64-fedora-gcc