CRAN Package Check Results for Package ruler

Last updated on 2022-06-28 12:52:36 CEST.

Flavor Version Tinstall Tcheck Ttotal Status Flags
r-devel-linux-x86_64-debian-clang 0.2.4 5.86 75.32 81.18 NOTE
r-devel-linux-x86_64-debian-gcc 0.2.4 4.85 55.50 60.35 NOTE
r-devel-linux-x86_64-fedora-clang 0.2.4 104.06 NOTE
r-devel-linux-x86_64-fedora-gcc 0.2.4 107.70 NOTE
r-devel-windows-x86_64 0.2.4 24.00 106.00 130.00 NOTE
r-patched-linux-x86_64 0.2.4 10.62 68.91 79.53 NOTE
r-release-linux-x86_64 0.2.4 4.23 69.38 73.61 NOTE
r-release-macos-arm64 0.2.4 32.00 NOTE
r-release-macos-x86_64 0.2.4 57.00 NOTE
r-release-windows-x86_64 0.2.4 28.00 109.00 137.00 NOTE
r-oldrel-macos-arm64 0.2.4 33.00 NOTE
r-oldrel-macos-x86_64 0.2.4 54.00 NOTE
r-oldrel-windows-ix86+x86_64 0.2.4 14.00 97.00 111.00 NOTE

Check Details

Version: 0.2.4
Check: LazyData
Result: NOTE
     'LazyData' is specified without a 'data' directory
Flavors: r-devel-linux-x86_64-debian-clang, r-devel-linux-x86_64-debian-gcc, r-devel-linux-x86_64-fedora-clang, r-devel-linux-x86_64-fedora-gcc, r-devel-windows-x86_64, r-patched-linux-x86_64, r-release-linux-x86_64, r-release-macos-arm64, r-release-macos-x86_64, r-release-windows-x86_64, r-oldrel-macos-arm64, r-oldrel-macos-x86_64, r-oldrel-windows-ix86+x86_64