Last updated on 2022-07-04 12:54:20 CEST.
Flavor | Version | Tinstall | Tcheck | Ttotal | Status | Flags |
---|---|---|---|---|---|---|
r-devel-linux-x86_64-debian-clang | 0.3 | 268.85 | 413.54 | 682.39 | OK | |
r-devel-linux-x86_64-debian-gcc | 0.3 | 216.00 | 359.62 | 575.62 | OK | |
r-devel-linux-x86_64-fedora-clang | 0.3 | 919.75 | NOTE | |||
r-devel-linux-x86_64-fedora-gcc | 0.3 | 893.18 | OK | |||
r-devel-windows-x86_64 | 0.3 | 230.00 | 408.00 | 638.00 | NOTE | |
r-patched-linux-x86_64 | 0.3 | 231.35 | 480.80 | 712.15 | OK | |
r-release-linux-x86_64 | 0.3 | 230.48 | 469.98 | 700.46 | OK | |
r-release-macos-arm64 | 0.3 | 335.00 | NOTE | |||
r-release-macos-x86_64 | 0.3 | 491.00 | NOTE | |||
r-release-windows-x86_64 | 0.3 | 329.00 | 411.00 | 740.00 | NOTE | |
r-oldrel-macos-arm64 | 0.3 | 438.00 | NOTE | |||
r-oldrel-macos-x86_64 | 0.3 | 659.00 | NOTE | |||
r-oldrel-windows-ix86+x86_64 | 0.3 | 658.00 | 446.00 | 1104.00 | NOTE |
Version: 0.3
Check: installed package size
Result: NOTE
installed size is 9.1Mb
sub-directories of 1Mb or more:
data 3.8Mb
libs 4.7Mb
Flavors: r-devel-linux-x86_64-fedora-clang, r-devel-windows-x86_64, r-release-macos-arm64, r-release-macos-x86_64, r-release-windows-x86_64, r-oldrel-macos-arm64, r-oldrel-macos-x86_64, r-oldrel-windows-ix86+x86_64