Last updated on 2024-04-24 11:21:03 CEST.
Flavor | Version | Tinstall | Tcheck | Ttotal | Status | Flags |
---|---|---|---|---|---|---|
r-devel-linux-x86_64-debian-clang | 1.1.0 | 3.75 | 43.23 | 46.98 | OK | |
r-devel-linux-x86_64-debian-gcc | 1.1.0 | 2.55 | 32.76 | 35.31 | OK | |
r-devel-linux-x86_64-fedora-clang | 1.1.0 | 59.23 | NOTE | |||
r-devel-linux-x86_64-fedora-gcc | 1.1.0 | 68.76 | NOTE | |||
r-devel-windows-x86_64 | 1.1.0 | 6.00 | 58.00 | 64.00 | OK | |
r-patched-linux-x86_64 | 1.1.0 | 3.79 | 40.30 | 44.09 | OK | |
r-release-linux-x86_64 | 1.1.0 | 2.06 | 40.45 | 42.51 | OK | |
r-release-macos-arm64 | 1.1.0 | 29.00 | OK | |||
r-release-windows-x86_64 | 1.1.0 | 5.00 | 58.00 | 63.00 | OK | |
r-oldrel-macos-arm64 | 1.1.0 | 27.00 | OK | |||
r-oldrel-macos-x86_64 | 1.1.0 | 53.00 | OK | |||
r-oldrel-windows-x86_64 | 1.1.0 | 5.00 | 62.00 | 67.00 | OK |
Version: 1.1.0
Check: dependencies in R code
Result: NOTE
Namespace in Imports field not imported from: ‘curl’
All declared Imports should be used.
Flavors: r-devel-linux-x86_64-fedora-clang, r-devel-linux-x86_64-fedora-gcc
Version: 1.1.0
Check: data for non-ASCII characters
Result: NOTE
Note: found 2023 marked Latin-1 strings
Note: found 17 marked UTF-8 strings
Flavors: r-devel-linux-x86_64-fedora-clang, r-devel-linux-x86_64-fedora-gcc