Last updated on 2024-04-18 12:52:59 CEST.
Flavor | Version | Tinstall | Tcheck | Ttotal | Status | Flags |
---|---|---|---|---|---|---|
r-devel-linux-x86_64-debian-clang | 2.0-1 | 84.30 | 135.97 | 220.27 | OK | |
r-devel-linux-x86_64-debian-gcc | 2.0-1 | 68.10 | 93.63 | 161.73 | OK | |
r-devel-linux-x86_64-fedora-clang | 2.0-1 | 317.79 | OK | |||
r-devel-linux-x86_64-fedora-gcc | 2.0-1 | 298.31 | OK | |||
r-prerel-macos-arm64 | 2.0-1 | 72.00 | NOTE | |||
r-prerel-macos-x86_64 | 2.0-1 | 144.00 | NOTE | |||
r-prerel-windows-x86_64 | 2.0-1 | 85.00 | 137.00 | 222.00 | OK | |
r-patched-linux-x86_64 | 2.0-1 | 89.44 | 125.81 | 215.25 | OK | |
r-release-linux-x86_64 | 2.0-1 | 91.03 | 123.41 | 214.44 | OK | |
r-release-macos-arm64 | 2.0-1 | 92.00 | NOTE | |||
r-release-macos-x86_64 | 2.0-1 | 165.00 | NOTE | |||
r-release-windows-x86_64 | 2.0-1 | 98.00 | 165.00 | 263.00 | OK | |
r-oldrel-macos-arm64 | 2.0-1 | 69.00 | NOTE | |||
r-oldrel-windows-x86_64 | 2.0-1 | 88.00 | 141.00 | 229.00 | OK |
Version: 2.0-1
Check: installed package size
Result: NOTE
installed size is 7.6Mb
sub-directories of 1Mb or more:
libs 6.7Mb
Flavors: r-prerel-macos-arm64, r-prerel-macos-x86_64, r-release-macos-arm64, r-release-macos-x86_64, r-oldrel-macos-arm64