Last updated on 2023-05-31 13:00:54 CEST.
Flavor | Version | Tinstall | Tcheck | Ttotal | Status | Flags |
---|---|---|---|---|---|---|
r-devel-linux-x86_64-debian-clang | 1.0-0 | 44.86 | 104.72 | 149.58 | NOTE | |
r-devel-linux-x86_64-debian-gcc | 1.0-0 | 30.01 | 76.06 | 106.07 | NOTE | |
r-devel-linux-x86_64-fedora-clang | 1.0-0 | 219.16 | NOTE | |||
r-devel-linux-x86_64-fedora-gcc | 1.0-0 | 190.76 | NOTE | |||
r-devel-windows-x86_64 | 1.0-0 | 43.00 | 115.00 | 158.00 | NOTE | |
r-patched-linux-x86_64 | 1.0-0 | 32.00 | 98.50 | 130.50 | NOTE | |
r-release-linux-x86_64 | 1.0-0 | 32.93 | 98.81 | 131.74 | NOTE | |
r-release-macos-arm64 | 1.0-0 | 69.00 | NOTE | |||
r-release-macos-x86_64 | 1.0-0 | 96.00 | NOTE | |||
r-release-windows-x86_64 | 1.0-0 | 48.00 | 135.00 | 183.00 | NOTE | |
r-oldrel-macos-arm64 | 1.0-0 | 43.00 | OK | |||
r-oldrel-macos-x86_64 | 1.0-0 | 62.00 | OK | |||
r-oldrel-windows-x86_64 | 1.0-0 | 47.00 | 128.00 | 175.00 | OK |
Version: 1.0-0
Check: C++ specification
Result: NOTE
Specified C++11: please drop specification unless essential
Flavors: r-devel-linux-x86_64-debian-clang, r-devel-linux-x86_64-debian-gcc, r-devel-linux-x86_64-fedora-clang, r-devel-linux-x86_64-fedora-gcc, r-devel-windows-x86_64, r-patched-linux-x86_64, r-release-linux-x86_64, r-release-macos-arm64, r-release-macos-x86_64, r-release-windows-x86_64
Version: 1.0-0
Check: installed package size
Result: NOTE
installed size is 5.4Mb
sub-directories of 1Mb or more:
libs 4.6Mb
Flavor: r-release-macos-x86_64