CRAN Package Check Results for Package rtk

Last updated on 2022-07-06 12:53:45 CEST.

Flavor Version Tinstall Tcheck Ttotal Status Flags
r-devel-linux-x86_64-debian-clang 0.2.6.1 57.63 37.18 94.81 OK
r-devel-linux-x86_64-debian-gcc 0.2.6.1 54.13 28.12 82.25 OK
r-devel-linux-x86_64-fedora-clang 0.2.6.1 145.86 NOTE
r-devel-linux-x86_64-fedora-gcc 0.2.6.1 140.78 OK
r-devel-windows-x86_64 0.2.6.1 49.00 89.00 138.00 OK
r-patched-linux-x86_64 0.2.6.1 54.99 35.57 90.56 OK
r-release-linux-x86_64 0.2.6.1 50.64 35.90 86.54 OK
r-release-macos-arm64 0.2.6.1 33.00 NOTE
r-release-macos-x86_64 0.2.6.1 50.00 NOTE
r-release-windows-x86_64 0.2.6.1 49.00 89.00 138.00 OK
r-oldrel-macos-arm64 0.2.6.1 42.00 NOTE
r-oldrel-macos-x86_64 0.2.6.1 74.00 NOTE
r-oldrel-windows-ix86+x86_64 0.2.6.1 134.00 88.00 222.00 OK

Check Details

Version: 0.2.6.1
Check: installed package size
Result: NOTE
     installed size is 5.3Mb
     sub-directories of 1Mb or more:
     libs 5.2Mb
Flavors: r-devel-linux-x86_64-fedora-clang, r-release-macos-arm64, r-release-macos-x86_64, r-oldrel-macos-arm64, r-oldrel-macos-x86_64