Last updated on 2024-03-28 09:51:56 CET.
Flavor | Version | Tinstall | Tcheck | Ttotal | Status | Flags |
---|---|---|---|---|---|---|
r-devel-linux-x86_64-debian-clang | 0.2.6.1 | 64.01 | 37.49 | 101.50 | NOTE | |
r-devel-linux-x86_64-debian-gcc | 0.2.6.1 | 56.32 | 28.40 | 84.72 | NOTE | |
r-devel-linux-x86_64-fedora-clang | 0.2.6.1 | 133.29 | NOTE | |||
r-devel-linux-x86_64-fedora-gcc | 0.2.6.1 | 146.22 | NOTE | |||
r-devel-windows-x86_64 | 0.2.6.1 | 49.00 | 83.00 | 132.00 | NOTE | |
r-patched-linux-x86_64 | 0.2.6.1 | 64.64 | 34.08 | 98.72 | NOTE | |
r-release-linux-x86_64 | 0.2.6.1 | 67.48 | 35.84 | 103.32 | NOTE | |
r-release-macos-arm64 | 0.2.6.1 | 42.00 | NOTE | |||
r-release-macos-x86_64 | 0.2.6.1 | 68.00 | NOTE | |||
r-release-windows-x86_64 | 0.2.6.1 | 44.00 | 88.00 | 132.00 | NOTE | |
r-oldrel-macos-arm64 | 0.2.6.1 | 40.00 | NOTE | |||
r-oldrel-windows-x86_64 | 0.2.6.1 | 59.00 | 79.00 | 138.00 | OK |
Version: 0.2.6.1
Check: C++ specification
Result: NOTE
Specified C++11: please drop specification unless essential
Flavors: r-devel-linux-x86_64-debian-clang, r-devel-linux-x86_64-debian-gcc, r-devel-linux-x86_64-fedora-clang, r-devel-linux-x86_64-fedora-gcc, r-devel-windows-x86_64, r-patched-linux-x86_64, r-release-linux-x86_64, r-release-macos-arm64, r-release-macos-x86_64, r-release-windows-x86_64
Version: 0.2.6.1
Check: installed package size
Result: NOTE
installed size is 7.9Mb
sub-directories of 1Mb or more:
libs 7.8Mb
Flavors: r-release-macos-arm64, r-release-macos-x86_64, r-oldrel-macos-arm64