CRAN Package Check Results for Package rtist

Last updated on 2025-07-04 12:49:11 CEST.

Flavor Version Tinstall Tcheck Ttotal Status Flags
r-devel-linux-x86_64-debian-clang 1.0.0 1.43 17.51 18.94 NOTE
r-devel-linux-x86_64-debian-gcc 1.0.0 1.31 15.00 16.31 NOTE
r-devel-linux-x86_64-fedora-clang 1.0.0 28.21 OK
r-devel-linux-x86_64-fedora-gcc 1.0.0 27.50 OK
r-devel-windows-x86_64 1.0.0 2.00 34.00 36.00 OK
r-patched-linux-x86_64 1.0.0 1.64 15.73 17.37 OK
r-release-linux-x86_64 1.0.0 1.55 15.59 17.14 OK
r-release-macos-arm64 1.0.0 15.00 OK
r-release-macos-x86_64 1.0.0 30.00 OK
r-release-windows-x86_64 1.0.0 4.00 38.00 42.00 OK
r-oldrel-macos-arm64 1.0.0 13.00 OK
r-oldrel-macos-x86_64 1.0.0 21.00 OK
r-oldrel-windows-x86_64 1.0.0 3.00 35.00 38.00 OK

Check Details

Version: 1.0.0
Check: CRAN incoming feasibility
Result: NOTE Maintainer: ‘Tomas Okal <tomas.okal@gmail.com>’ No Authors@R field in DESCRIPTION. Please add one, modifying Authors@R: person(given = "Tomas", family = "Okal", role = c("aut", "cre"), email = "tomas.okal@gmail.com") as necessary. Flavors: r-devel-linux-x86_64-debian-clang, r-devel-linux-x86_64-debian-gcc