Last updated on 2024-03-28 09:51:56 CET.
Flavor | Version | Tinstall | Tcheck | Ttotal | Status | Flags |
---|---|---|---|---|---|---|
r-devel-linux-x86_64-debian-clang | 0.26 | 5.52 | 39.89 | 45.41 | NOTE | |
r-devel-linux-x86_64-debian-gcc | 0.26 | 4.21 | 31.50 | 35.71 | NOTE | |
r-devel-linux-x86_64-fedora-clang | 0.26 | 58.44 | NOTE | |||
r-devel-linux-x86_64-fedora-gcc | 0.26 | 57.56 | NOTE | |||
r-devel-windows-x86_64 | 0.26 | 8.00 | 53.00 | 61.00 | NOTE | |
r-patched-linux-x86_64 | 0.26 | 5.37 | 40.01 | 45.38 | NOTE | |
r-release-linux-x86_64 | 0.26 | 3.85 | 40.03 | 43.88 | NOTE | |
r-release-macos-arm64 | 0.26 | 29.00 | NOTE | |||
r-release-macos-x86_64 | 0.26 | 40.00 | NOTE | |||
r-release-windows-x86_64 | 0.26 | 9.00 | 58.00 | 67.00 | NOTE | |
r-oldrel-macos-arm64 | 0.26 | 29.00 | NOTE | |||
r-oldrel-windows-x86_64 | 0.26 | 11.00 | 59.00 | 70.00 | NOTE |
Version: 0.26
Check: for GNU extensions in Makefiles
Result: NOTE
GNU make is a SystemRequirements.
Flavors: r-devel-linux-x86_64-debian-clang, r-devel-linux-x86_64-debian-gcc, r-devel-linux-x86_64-fedora-clang, r-devel-linux-x86_64-fedora-gcc, r-devel-windows-x86_64, r-patched-linux-x86_64, r-release-linux-x86_64, r-release-macos-arm64, r-release-macos-x86_64, r-release-windows-x86_64, r-oldrel-macos-arm64, r-oldrel-windows-x86_64
Version: 0.26
Check: installed package size
Result: NOTE
installed size is 12.0Mb
sub-directories of 1Mb or more:
rmarkdown 11.7Mb
Flavors: r-devel-linux-x86_64-fedora-clang, r-devel-windows-x86_64, r-release-macos-arm64, r-release-macos-x86_64, r-release-windows-x86_64, r-oldrel-macos-arm64, r-oldrel-windows-x86_64