Last updated on 2022-06-26 11:52:43 CEST.
Flavor | Version | Tinstall | Tcheck | Ttotal | Status | Flags |
---|---|---|---|---|---|---|
r-devel-linux-x86_64-debian-clang | 1.3.2 | 19.80 | 85.03 | 104.83 | OK | |
r-devel-linux-x86_64-debian-gcc | 1.3.2 | 12.94 | 63.26 | 76.20 | OK | |
r-devel-linux-x86_64-fedora-clang | 1.3.2 | 137.37 | WARN | |||
r-devel-linux-x86_64-fedora-gcc | 1.3.2 | 136.37 | WARN | |||
r-devel-windows-x86_64 | 1.3.2 | 139.00 | 116.00 | 255.00 | OK | |
r-patched-linux-x86_64 | 1.3.2 | 17.53 | 80.00 | 97.53 | OK | |
r-release-linux-x86_64 | 1.3.2 | 18.47 | 81.22 | 99.69 | OK | |
r-release-macos-arm64 | 1.3.2 | 34.00 | OK | |||
r-release-macos-x86_64 | 1.3.2 | 51.00 | OK | |||
r-release-windows-x86_64 | 1.3.2 | 140.00 | 111.00 | 251.00 | OK | |
r-oldrel-macos-arm64 | 1.3.2 | 35.00 | OK | |||
r-oldrel-macos-x86_64 | 1.3.2 | 51.00 | OK | |||
r-oldrel-windows-ix86+x86_64 | 1.3.2 | 31.00 | 110.00 | 141.00 | OK |
Version: 1.3.2
Check: package dependencies
Result: WARN
Requires orphaned package: ‘gtools’
Flavors: r-devel-linux-x86_64-fedora-clang, r-devel-linux-x86_64-fedora-gcc