Last updated on 2023-11-30 10:49:00 CET.
Flavor | Version | Tinstall | Tcheck | Ttotal | Status | Flags |
---|---|---|---|---|---|---|
r-devel-linux-x86_64-debian-clang | 2.6.0 | 3.73 | 33.81 | 37.54 | OK | |
r-devel-linux-x86_64-debian-gcc | 2.6.0 | 2.49 | 25.19 | 27.68 | OK | |
r-devel-linux-x86_64-fedora-clang | 2.6.0 | 49.36 | OK | |||
r-devel-linux-x86_64-fedora-gcc | 2.6.0 | 58.51 | OK | |||
r-devel-windows-x86_64 | 2.6.0 | 25.00 | 238.00 | 263.00 | NOTE | |
r-patched-linux-x86_64 | 2.6.0 | 3.70 | 31.85 | 35.55 | OK | |
r-release-linux-x86_64 | 2.6.0 | 3.46 | 31.88 | 35.34 | OK | |
r-release-macos-arm64 | 2.6.0 | 43.00 | NOTE | |||
r-release-macos-x86_64 | 2.6.0 | 92.00 | NOTE | |||
r-release-windows-x86_64 | 2.6.0 | 31.00 | 284.00 | 315.00 | NOTE | |
r-oldrel-macos-arm64 | 2.6.0 | 43.00 | NOTE | |||
r-oldrel-macos-x86_64 | 2.6.0 | 52.00 | NOTE | |||
r-oldrel-windows-x86_64 | 2.6.0 | 32.00 | 210.00 | 242.00 | NOTE |
Version: 2.6.0
Check: installed package size
Result: NOTE
installed size is 19.1Mb
sub-directories of 1Mb or more:
libs 18.6Mb
Flavors: r-devel-windows-x86_64, r-release-macos-arm64, r-release-macos-x86_64, r-release-windows-x86_64, r-oldrel-macos-arm64, r-oldrel-macos-x86_64, r-oldrel-windows-x86_64