Last updated on 2023-02-03 11:53:30 CET.
Flavor | Version | Tinstall | Tcheck | Ttotal | Status | Flags |
---|---|---|---|---|---|---|
r-devel-linux-x86_64-debian-clang | 2.4.0 | 3.96 | 31.01 | 34.97 | OK | |
r-devel-linux-x86_64-debian-gcc | 2.4.0 | 2.61 | 23.49 | 26.10 | OK | |
r-devel-linux-x86_64-fedora-clang | 2.4.0 | 47.36 | OK | |||
r-devel-linux-x86_64-fedora-gcc | 2.4.0 | 60.77 | OK | |||
r-patched-linux-x86_64 | 2.4.0 | 3.06 | 30.09 | 33.15 | OK | |
r-release-linux-x86_64 | 2.4.0 | 2.48 | 32.38 | 34.86 | OK | |
r-release-macos-arm64 | 2.4.0 | 53.00 | NOTE | |||
r-release-macos-x86_64 | 2.4.0 | 122.00 | NOTE | |||
r-release-windows-x86_64 | 2.4.0 | 49.00 | 210.00 | 259.00 | NOTE | |
r-oldrel-macos-arm64 | 2.4.0 | 54.00 | NOTE | |||
r-oldrel-macos-x86_64 | 2.4.0 | 132.00 | NOTE | |||
r-oldrel-windows-ix86+x86_64 | 2.4.0 | 34.00 | 204.00 | 238.00 | NOTE |
Version: 2.4.0
Check: installed package size
Result: NOTE
installed size is 108.5Mb
sub-directories of 1Mb or more:
libs 108.0Mb
Flavors: r-release-macos-arm64, r-release-macos-x86_64, r-release-windows-x86_64, r-oldrel-macos-arm64, r-oldrel-macos-x86_64, r-oldrel-windows-ix86+x86_64