Last updated on 2025-04-29 12:52:49 CEST.
Flavor | Version | Tinstall | Tcheck | Ttotal | Status | Flags |
---|---|---|---|---|---|---|
r-devel-linux-x86_64-debian-clang | 1.0.5 | 37.85 | 67.04 | 104.89 | NOTE | |
r-devel-linux-x86_64-debian-gcc | 1.0.5 | 28.78 | 49.88 | 78.66 | OK | |
r-devel-linux-x86_64-fedora-clang | 1.0.5 | 173.16 | OK | |||
r-devel-linux-x86_64-fedora-gcc | 1.0.5 | 157.61 | OK | |||
r-devel-windows-x86_64 | 1.0.5 | 38.00 | 80.00 | 118.00 | OK | |
r-patched-linux-x86_64 | 1.0.5 | 37.50 | 63.91 | 101.41 | OK | |
r-release-linux-x86_64 | 1.0.5 | 38.43 | 63.60 | 102.03 | OK | |
r-release-macos-arm64 | 1.0.5 | 65.00 | OK | |||
r-release-macos-x86_64 | 1.0.5 | 136.00 | OK | |||
r-release-windows-x86_64 | 1.0.5 | 37.00 | 81.00 | 118.00 | OK | |
r-oldrel-macos-arm64 | 1.0.5 | 58.00 | OK | |||
r-oldrel-macos-x86_64 | 1.0.5 | 106.00 | OK | |||
r-oldrel-windows-x86_64 | 1.0.5 | 47.00 | 96.00 | 143.00 | OK |
Version: 1.0.5
Check: examples
Result: NOTE
Examples with CPU (user + system) or elapsed time > 5s
user system elapsed
rrpca 4.161 0.276 5.187
Flavor: r-devel-linux-x86_64-debian-clang