Last updated on 2024-03-28 09:51:55 CET.
Flavor | Version | Tinstall | Tcheck | Ttotal | Status | Flags |
---|---|---|---|---|---|---|
r-devel-linux-x86_64-debian-clang | 0.1.5 | 189.62 | 227.48 | 417.10 | NOTE | |
r-devel-linux-x86_64-debian-gcc | 0.1.5 | 170.43 | 176.43 | 346.86 | NOTE | |
r-devel-linux-x86_64-fedora-clang | 0.1.5 | 500.76 | NOTE | |||
r-devel-linux-x86_64-fedora-gcc | 0.1.5 | 586.22 | NOTE | |||
r-devel-windows-x86_64 | 0.1.5 | 140.00 | 200.00 | 340.00 | NOTE | |
r-patched-linux-x86_64 | 0.1.5 | 0.02 | 2.38 | 2.40 | ERROR | |
r-release-linux-x86_64 | 0.1.5 | 154.59 | 226.81 | 381.40 | NOTE | |
r-release-macos-arm64 | 0.1.5 | 242.00 | NOTE | |||
r-release-macos-x86_64 | 0.1.5 | 348.00 | NOTE | |||
r-release-windows-x86_64 | 0.1.5 | 179.00 | 246.00 | 425.00 | NOTE | |
r-oldrel-macos-arm64 | 0.1.5 | 177.00 | NOTE | |||
r-oldrel-windows-x86_64 | 0.1.5 | 170.00 | 241.00 | 411.00 | NOTE |
Version: 0.1.5
Check: for GNU extensions in Makefiles
Result: NOTE
GNU make is a SystemRequirements.
Flavors: r-devel-linux-x86_64-debian-clang, r-devel-linux-x86_64-debian-gcc, r-devel-linux-x86_64-fedora-clang, r-devel-linux-x86_64-fedora-gcc, r-devel-windows-x86_64, r-release-linux-x86_64, r-release-macos-arm64, r-release-macos-x86_64, r-release-windows-x86_64, r-oldrel-macos-arm64, r-oldrel-windows-x86_64
Version: 0.1.5
Check: whether package can be installed
Result: ERROR
Installation failed.
Flavor: r-patched-linux-x86_64
Version: 0.1.5
Check: installed package size
Result: NOTE
installed size is 36.6Mb
sub-directories of 1Mb or more:
libs 36.0Mb
Flavors: r-release-macos-arm64, r-release-macos-x86_64, r-oldrel-macos-arm64