CRAN Package Check Results for Package rstanarm

Last updated on 2022-07-04 12:54:20 CEST.

Flavor Version Tinstall Tcheck Ttotal Status Flags
r-devel-linux-x86_64-debian-clang 2.21.3 1475.11 523.25 1998.36 NOTE
r-devel-linux-x86_64-debian-gcc 2.21.3 1100.89 426.28 1527.17 NOTE
r-devel-linux-x86_64-fedora-clang 2.21.3 2953.80 WARN
r-devel-linux-x86_64-fedora-gcc 2.21.3 2134.14 WARN
r-devel-windows-x86_64 2.21.3 895.00 215.00 1110.00 NOTE --no-examples --no-tests --no-vignettes
r-patched-linux-x86_64 2.21.3 1171.08 564.08 1735.16 NOTE
r-release-linux-x86_64 2.21.3 1166.61 551.14 1717.75 NOTE
r-release-macos-arm64 2.21.3 607.00 NOTE
r-release-macos-x86_64 2.21.3 1190.00 NOTE
r-release-windows-x86_64 2.21.3 864.00 218.00 1082.00 NOTE --no-examples --no-tests --no-vignettes
r-oldrel-macos-arm64 2.21.3 608.00 NOTE
r-oldrel-macos-x86_64 2.21.3 949.00 NOTE
r-oldrel-windows-ix86+x86_64 2.21.3 2234.00 303.00 2537.00 NOTE --no-examples --no-tests --no-vignettes

Check Details

Version: 2.21.3
Check: for GNU extensions in Makefiles
Result: NOTE
    GNU make is a SystemRequirements.
Flavors: r-devel-linux-x86_64-debian-clang, r-devel-linux-x86_64-debian-gcc, r-devel-linux-x86_64-fedora-clang, r-devel-linux-x86_64-fedora-gcc, r-patched-linux-x86_64, r-release-linux-x86_64, r-release-macos-arm64, r-release-macos-x86_64, r-oldrel-macos-arm64, r-oldrel-macos-x86_64

Version: 2.21.3
Check: package dependencies
Result: WARN
    Requires (indirectly) orphaned package: ‘gtools’
Flavors: r-devel-linux-x86_64-fedora-clang, r-devel-linux-x86_64-fedora-gcc

Version: 2.21.3
Check: installed package size
Result: NOTE
     installed size is 159.9Mb
     sub-directories of 1Mb or more:
     R 1.6Mb
     doc 4.8Mb
     libs 152.8Mb
Flavors: r-devel-linux-x86_64-fedora-clang, r-release-macos-arm64, r-release-macos-x86_64, r-oldrel-macos-arm64, r-oldrel-macos-x86_64

Version: 2.21.3
Check: dependencies in R code
Result: NOTE
    Namespace in Imports field not imported from: ‘RcppParallel’
     All declared Imports should be used.
Flavors: r-devel-linux-x86_64-fedora-clang, r-devel-linux-x86_64-fedora-gcc, r-release-macos-arm64, r-release-macos-x86_64, r-oldrel-macos-arm64, r-oldrel-macos-x86_64

Version: 2.21.3
Check: Rd cross-references
Result: NOTE
    Undeclared packages ‘gamm4’, ‘shiny’ in Rd xrefs
Flavor: r-devel-linux-x86_64-fedora-clang

Version: 2.21.3
Flags: --no-examples --no-tests --no-vignettes
Check: installed package size
Result: NOTE
     installed size is 16.0Mb
     sub-directories of 1Mb or more:
     R 1.6Mb
     doc 4.8Mb
     libs 8.9Mb
Flavors: r-devel-windows-x86_64, r-release-windows-x86_64, r-oldrel-windows-ix86+x86_64

Version: 2.21.3
Flags: --no-examples --no-tests --no-vignettes
Check: for GNU extensions in Makefiles
Result: NOTE
    GNU make is a SystemRequirements.
Flavors: r-devel-windows-x86_64, r-release-windows-x86_64, r-oldrel-windows-ix86+x86_64