Last updated on 2024-03-29 09:55:35 CET.
Flavor | Version | Tinstall | Tcheck | Ttotal | Status | Flags |
---|---|---|---|---|---|---|
r-devel-linux-x86_64-debian-clang | 2.32.6 | 272.69 | 224.16 | 496.85 | NOTE | |
r-devel-linux-x86_64-debian-gcc | 2.32.6 | 240.89 | 183.01 | 423.90 | NOTE | |
r-devel-linux-x86_64-fedora-clang | 2.32.6 | 716.71 | NOTE | |||
r-devel-linux-x86_64-fedora-gcc | 2.32.6 | 1577.74 | NOTE | |||
r-devel-windows-x86_64 | 2.32.6 | 231.00 | 198.00 | 429.00 | NOTE | |
r-patched-linux-x86_64 | 2.32.6 | 313.51 | 241.01 | 554.52 | NOTE | |
r-release-linux-x86_64 | 2.32.6 | 299.84 | 231.94 | 531.78 | NOTE | |
r-release-macos-arm64 | 2.32.6 | 289.00 | NOTE | |||
r-release-macos-x86_64 | 2.32.6 | 632.00 | NOTE | |||
r-release-windows-x86_64 | 2.32.6 | 282.00 | 240.00 | 522.00 | NOTE | |
r-oldrel-macos-arm64 | 2.32.6 | 279.00 | NOTE | |||
r-oldrel-windows-x86_64 | 2.32.6 | 284.00 | 236.00 | 520.00 | NOTE |
Version: 2.32.6
Check: for GNU extensions in Makefiles
Result: NOTE
GNU make is a SystemRequirements.
Flavors: r-devel-linux-x86_64-debian-clang, r-devel-linux-x86_64-debian-gcc, r-devel-linux-x86_64-fedora-clang, r-devel-linux-x86_64-fedora-gcc, r-devel-windows-x86_64, r-patched-linux-x86_64, r-release-linux-x86_64, r-release-macos-arm64, r-release-macos-x86_64, r-release-windows-x86_64, r-oldrel-macos-arm64, r-oldrel-windows-x86_64
Version: 2.32.6
Check: installed package size
Result: NOTE
installed size is 6.5Mb
sub-directories of 1Mb or more:
exec 1.7Mb
lib 2.2Mb
Flavors: r-devel-linux-x86_64-fedora-clang, r-devel-windows-x86_64, r-release-macos-arm64, r-release-macos-x86_64, r-release-windows-x86_64, r-oldrel-macos-arm64, r-oldrel-windows-x86_64
Version: 2.32.6
Check: Rd cross-references
Result: NOTE
Undeclared package ‘rstanarm’ in Rd xrefs
Flavor: r-devel-linux-x86_64-fedora-clang