CRAN Package Check Results for Package rstack

Last updated on 2022-06-26 11:52:43 CEST.

Flavor Version Tinstall Tcheck Ttotal Status Flags
r-devel-linux-x86_64-debian-clang 1.0.0 2.36 23.17 25.53 NOTE
r-devel-linux-x86_64-debian-gcc 1.0.0 1.84 18.30 20.14 NOTE
r-devel-linux-x86_64-fedora-clang 1.0.0 42.32 NOTE
r-devel-linux-x86_64-fedora-gcc 1.0.0 41.74 NOTE
r-devel-windows-x86_64 1.0.0 10.00 56.00 66.00 NOTE
r-patched-linux-x86_64 1.0.0 2.93 22.65 25.58 NOTE
r-release-linux-x86_64 1.0.0 2.56 22.27 24.83 NOTE
r-release-macos-arm64 1.0.0 18.00 NOTE
r-release-macos-x86_64 1.0.0 21.00 NOTE
r-release-windows-x86_64 1.0.0 13.00 53.00 66.00 NOTE
r-oldrel-macos-arm64 1.0.0 16.00 NOTE
r-oldrel-macos-x86_64 1.0.0 27.00 NOTE
r-oldrel-windows-ix86+x86_64 1.0.0 6.00 38.00 44.00 NOTE

Check Details

Version: 1.0.0
Check: LazyData
Result: NOTE
     'LazyData' is specified without a 'data' directory
Flavors: r-devel-linux-x86_64-debian-clang, r-devel-linux-x86_64-debian-gcc, r-devel-linux-x86_64-fedora-clang, r-devel-linux-x86_64-fedora-gcc, r-devel-windows-x86_64, r-patched-linux-x86_64, r-release-linux-x86_64, r-release-macos-arm64, r-release-macos-x86_64, r-release-windows-x86_64, r-oldrel-macos-arm64, r-oldrel-macos-x86_64, r-oldrel-windows-ix86+x86_64