CRAN Package Check Results for Package rsprite2

Last updated on 2023-01-28 12:56:23 CET.

Flavor Version Tinstall Tcheck Ttotal Status Flags
r-devel-linux-x86_64-debian-clang 0.2.0 3.07 35.67 38.74 OK
r-devel-linux-x86_64-debian-gcc 0.2.0 2.18 27.47 29.65 OK
r-devel-linux-x86_64-fedora-clang 0.2.0 48.22 OK
r-devel-linux-x86_64-fedora-gcc 0.2.0 51.48 OK
r-patched-linux-x86_64 0.2.0 3.37 34.61 37.98 OK
r-release-linux-x86_64 0.2.0 3.25 34.56 37.81 OK
r-release-macos-arm64 0.2.0 19.00 OK
r-release-macos-x86_64 0.2.0 27.00 OK
r-release-windows-x86_64 0.2.0 17.00 65.00 82.00 OK
r-oldrel-macos-arm64 0.2.0 22.00 OK
r-oldrel-macos-x86_64 0.2.0 31.00 OK
r-oldrel-windows-ix86+x86_64 0.2.0 6.00 72.00 78.00 WARN

Check Details

Version: 0.2.0
Check: for unstated dependencies in ‘tests’
Result: WARN
    Warning: unable to access index for repository https://bioconductor.org/packages/3.14/bioc/src/contrib:
     cannot open URL 'https://bioconductor.org/packages/3.14/bioc/src/contrib/PACKAGES'
    Warning: unable to access index for repository https://bioconductor.org/packages/3.14/data/annotation/src/contrib:
     cannot open URL 'https://bioconductor.org/packages/3.14/data/annotation/src/contrib/PACKAGES'
    Warning: unable to access index for repository https://bioconductor.org/packages/3.14/data/experiment/src/contrib:
     cannot open URL 'https://bioconductor.org/packages/3.14/data/experiment/src/contrib/PACKAGES'
Flavor: r-oldrel-windows-ix86+x86_64