Last updated on 2025-05-06 12:49:49 CEST.
Flavor | Version | Tinstall | Tcheck | Ttotal | Status | Flags |
---|---|---|---|---|---|---|
r-devel-linux-x86_64-debian-clang | 0.2.8 | 6.85 | 36.98 | 43.83 | NOTE | |
r-devel-linux-x86_64-debian-gcc | 0.2.8 | 4.92 | 27.22 | 32.14 | NOTE | |
r-devel-linux-x86_64-fedora-clang | 0.2.8 | 69.67 | OK | |||
r-devel-linux-x86_64-fedora-gcc | 0.2.8 | 68.44 | OK | |||
r-devel-windows-x86_64 | 0.2.8 | 11.00 | 55.00 | 66.00 | OK | |
r-patched-linux-x86_64 | 0.2.8 | 6.20 | 34.81 | 41.01 | OK | |
r-release-linux-x86_64 | 0.2.8 | 5.81 | 35.02 | 40.83 | OK | |
r-release-macos-arm64 | 0.2.8 | 25.00 | OK | |||
r-release-macos-x86_64 | 0.2.8 | 60.00 | OK | |||
r-release-windows-x86_64 | 0.2.8 | 12.00 | 57.00 | 69.00 | OK | |
r-oldrel-macos-arm64 | 0.2.8 | 24.00 | OK | |||
r-oldrel-macos-x86_64 | 0.2.8 | 33.00 | OK | |||
r-oldrel-windows-x86_64 | 0.2.8 | 11.00 | 67.00 | 78.00 | OK |
Version: 0.2.8
Check: CRAN incoming feasibility
Result: NOTE
Maintainer: ‘Mark van der Loo <mark.vanderloo@gmail.com>’
No Authors@R field in DESCRIPTION.
Please add one, modifying
Authors@R: person(given = "Mark",
family = "van der Loo",
role = c("aut", "cre"),
email = "mark.vanderloo@gmail.com")
as necessary.
Flavors: r-devel-linux-x86_64-debian-clang, r-devel-linux-x86_64-debian-gcc