Last updated on 2023-09-27 12:03:00 CEST.
Flavor | Version | Tinstall | Tcheck | Ttotal | Status | Flags |
---|---|---|---|---|---|---|
r-devel-linux-x86_64-debian-clang | 0.6.1 | 6.61 | 57.67 | 64.28 | OK | |
r-devel-linux-x86_64-debian-gcc | 0.6.1 | 5.61 | 42.22 | 47.83 | OK | |
r-devel-linux-x86_64-fedora-clang | 0.6.1 | 77.74 | NOTE | |||
r-devel-linux-x86_64-fedora-gcc | 0.6.1 | 77.76 | NOTE | |||
r-devel-windows-x86_64 | 0.6.1 | 8.00 | 62.00 | 70.00 | OK | |
r-patched-linux-x86_64 | 0.6.1 | 5.45 | 52.75 | 58.20 | OK | |
r-release-linux-x86_64 | 0.6.1 | 5.47 | 53.22 | 58.69 | OK | |
r-release-macos-arm64 | 0.6.1 | 27.00 | OK | |||
r-release-macos-x86_64 | 0.6.1 | 41.00 | OK | |||
r-release-windows-x86_64 | 0.6.1 | 10.00 | 68.00 | 78.00 | OK | |
r-oldrel-macos-arm64 | 0.6.1 | 28.00 | NOTE | |||
r-oldrel-macos-x86_64 | 0.6.1 | 53.00 | NOTE | |||
r-oldrel-windows-x86_64 | 0.6.1 | 9.00 | 78.00 | 87.00 | OK |
Version: 0.6.1
Check: data for non-ASCII characters
Result: NOTE
Note: found 467 marked UTF-8 strings
Flavors: r-devel-linux-x86_64-fedora-clang, r-devel-linux-x86_64-fedora-gcc, r-oldrel-macos-arm64, r-oldrel-macos-x86_64