Last updated on 2024-03-29 09:55:35 CET.
Flavor | Version | Tinstall | Tcheck | Ttotal | Status | Flags |
---|---|---|---|---|---|---|
r-devel-linux-x86_64-debian-clang | 3.0.0 | 59.77 | 56.85 | 116.62 | OK | |
r-devel-linux-x86_64-debian-gcc | 3.0.0 | 46.96 | 43.42 | 90.38 | OK | |
r-devel-linux-x86_64-fedora-clang | 3.0.0 | 156.55 | OK | |||
r-devel-linux-x86_64-fedora-gcc | 3.0.0 | 163.95 | OK | |||
r-devel-windows-x86_64 | 3.0.0 | 48.00 | 83.00 | 131.00 | OK | |
r-patched-linux-x86_64 | 3.0.0 | 56.47 | 54.67 | 111.14 | OK | |
r-release-linux-x86_64 | 3.0.0 | 57.34 | 52.49 | 109.83 | OK | |
r-release-macos-arm64 | 3.0.0 | 61.00 | OK | |||
r-release-macos-x86_64 | 3.0.0 | 119.00 | OK | |||
r-release-windows-x86_64 | 3.0.0 | 53.00 | 84.00 | 137.00 | OK | |
r-oldrel-macos-arm64 | 3.0.0 | 57.00 | OK | |||
r-oldrel-windows-x86_64 | 3.0.0 | 57.00 | 86.00 | 143.00 | WARN |
Version: 3.0.0
Check: whether package can be installed
Result: WARN
Found the following significant warnings:
Warning: corrupt .drectve at end of def file
Flavor: r-oldrel-windows-x86_64