Last updated on 2024-03-28 09:51:55 CET.
Flavor | Version | Tinstall | Tcheck | Ttotal | Status | Flags |
---|---|---|---|---|---|---|
r-devel-linux-x86_64-debian-clang | 0.6.6 | 7.37 | 75.78 | 83.15 | NOTE | |
r-devel-linux-x86_64-debian-gcc | 0.6.6 | 6.11 | 55.00 | 61.11 | NOTE | |
r-devel-linux-x86_64-fedora-clang | 0.6.6 | 101.39 | NOTE | |||
r-devel-linux-x86_64-fedora-gcc | 0.6.6 | 109.33 | NOTE | |||
r-devel-windows-x86_64 | 0.6.6 | 9.00 | 80.00 | 89.00 | NOTE | |
r-patched-linux-x86_64 | 0.6.6 | 11.41 | 71.95 | 83.36 | NOTE | |
r-release-linux-x86_64 | 0.6.6 | 6.55 | 68.98 | 75.53 | NOTE | |
r-release-macos-arm64 | 0.6.6 | 40.00 | NOTE | |||
r-release-macos-x86_64 | 0.6.6 | 60.00 | NOTE | |||
r-release-windows-x86_64 | 0.6.6 | 10.00 | 88.00 | 98.00 | NOTE | |
r-oldrel-macos-arm64 | 0.6.6 | 38.00 | NOTE | |||
r-oldrel-windows-x86_64 | 0.6.6 | 11.00 | 90.00 | 101.00 | NOTE |
Version: 0.6.6
Check: LazyData
Result: NOTE
'LazyData' is specified without a 'data' directory
Flavors: r-devel-linux-x86_64-debian-clang, r-devel-linux-x86_64-debian-gcc, r-devel-linux-x86_64-fedora-clang, r-devel-linux-x86_64-fedora-gcc, r-devel-windows-x86_64, r-patched-linux-x86_64, r-release-linux-x86_64, r-release-macos-arm64, r-release-macos-x86_64, r-release-windows-x86_64, r-oldrel-macos-arm64, r-oldrel-windows-x86_64