Last updated on 2024-04-17 10:41:49 CEST.
Flavor | Version | Tinstall | Tcheck | Ttotal | Status | Flags |
---|---|---|---|---|---|---|
r-devel-linux-x86_64-debian-clang | 1.0.0 | 9.66 | 109.38 | 119.04 | OK | |
r-devel-linux-x86_64-debian-gcc | 1.0.0 | 6.86 | 82.77 | 89.63 | OK | |
r-devel-linux-x86_64-fedora-clang | 1.0.0 | 152.66 | NOTE | |||
r-devel-linux-x86_64-fedora-gcc | 1.0.0 | 153.14 | NOTE | |||
r-prerel-macos-arm64 | 1.0.0 | 52.00 | OK | |||
r-prerel-windows-x86_64 | 1.0.0 | 9.00 | 96.00 | 105.00 | OK | |
r-patched-linux-x86_64 | 1.0.0 | 6.86 | 104.98 | 111.84 | OK | |
r-release-linux-x86_64 | 1.0.0 | 6.62 | 105.66 | 112.28 | OK | |
r-release-macos-arm64 | 1.0.0 | 49.00 | OK | |||
r-release-macos-x86_64 | 1.0.0 | 81.00 | OK | |||
r-release-windows-x86_64 | 1.0.0 | 10.00 | 113.00 | 123.00 | OK | |
r-oldrel-macos-arm64 | 1.0.0 | 44.00 | NOTE | |||
r-oldrel-windows-x86_64 | 1.0.0 | 11.00 | 115.00 | 126.00 | OK |
Version: 1.0.0
Check: dependencies in R code
Result: NOTE
Namespace in Imports field not imported from: ‘Rcpp’
All declared Imports should be used.
Flavors: r-devel-linux-x86_64-fedora-clang, r-devel-linux-x86_64-fedora-gcc, r-oldrel-macos-arm64