CRAN Package Check Results for Package rrd

Last updated on 2022-07-02 12:53:13 CEST.

Flavor Version Tinstall Tcheck Ttotal Status Flags
r-devel-linux-x86_64-debian-clang 0.2.4 7.18 41.48 48.66 OK
r-devel-linux-x86_64-debian-gcc 0.2.4 5.14 31.32 36.46 OK
r-devel-linux-x86_64-fedora-clang 0.2.4 66.23 NOTE
r-devel-linux-x86_64-fedora-gcc 0.2.4 66.16 OK
r-patched-linux-x86_64 0.2.4 6.37 39.47 45.84 OK
r-release-linux-x86_64 0.2.4 6.65 38.81 45.46 OK
r-release-macos-arm64 0.2.4 22.00 NOTE
r-release-macos-x86_64 0.2.4 32.00 NOTE
r-oldrel-macos-arm64 0.2.4 23.00 NOTE
r-oldrel-macos-x86_64 0.2.4 30.00 NOTE

Check Details

Version: 0.2.4
Check: installed package size
Result: NOTE
     installed size is 13.1Mb
     sub-directories of 1Mb or more:
     extdata 12.8Mb
Flavors: r-devel-linux-x86_64-fedora-clang, r-release-macos-arm64, r-release-macos-x86_64, r-oldrel-macos-arm64, r-oldrel-macos-x86_64