Last updated on 2024-03-28 09:51:55 CET.
Flavor | Version | Tinstall | Tcheck | Ttotal | Status | Flags |
---|---|---|---|---|---|---|
r-devel-linux-x86_64-debian-clang | 1.0.0 | 3.41 | 45.50 | 48.91 | NOTE | |
r-devel-linux-x86_64-debian-gcc | 1.0.0 | 2.90 | 35.18 | 38.08 | NOTE | |
r-devel-linux-x86_64-fedora-clang | 1.0.0 | 63.73 | NOTE | |||
r-devel-linux-x86_64-fedora-gcc | 1.0.0 | 73.83 | NOTE | |||
r-devel-windows-x86_64 | 1.0.0 | 5.00 | 55.00 | 60.00 | NOTE | |
r-patched-linux-x86_64 | 1.0.0 | 5.23 | 44.08 | 49.31 | NOTE | |
r-release-linux-x86_64 | 1.0.0 | 4.31 | 42.78 | 47.09 | OK | |
r-release-macos-arm64 | 1.0.0 | 29.00 | OK | |||
r-release-macos-x86_64 | 1.0.0 | 42.00 | OK | |||
r-release-windows-x86_64 | 1.0.0 | 7.00 | 59.00 | 66.00 | OK | |
r-oldrel-macos-arm64 | 1.0.0 | 24.00 | OK | |||
r-oldrel-windows-x86_64 | 1.0.0 | 6.00 | 63.00 | 69.00 | OK |
Version: 1.0.0
Check: Rd files
Result: NOTE
checkRd: (-1) check_node.Rd:11: Lost braces
11 | \item{x}{\\code{list}, the node to check}
| ^
Flavors: r-devel-linux-x86_64-debian-clang, r-devel-linux-x86_64-debian-gcc, r-devel-linux-x86_64-fedora-clang, r-devel-linux-x86_64-fedora-gcc, r-devel-windows-x86_64, r-patched-linux-x86_64