Last updated on 2022-06-26 11:52:43 CEST.
Flavor | Version | Tinstall | Tcheck | Ttotal | Status | Flags |
---|---|---|---|---|---|---|
r-devel-linux-x86_64-debian-clang | 0.0.2 | 4.65 | 67.98 | 72.63 | NOTE | |
r-devel-linux-x86_64-debian-gcc | 0.0.2 | 3.58 | 50.04 | 53.62 | NOTE | |
r-devel-linux-x86_64-fedora-clang | 0.0.2 | 95.65 | NOTE | |||
r-devel-linux-x86_64-fedora-gcc | 0.0.2 | 95.08 | NOTE | |||
r-devel-windows-x86_64 | 0.0.2 | 36.00 | 102.00 | 138.00 | NOTE | |
r-patched-linux-x86_64 | 0.0.2 | 6.81 | 62.52 | 69.33 | NOTE | |
r-release-linux-x86_64 | 0.0.2 | 4.13 | 62.59 | 66.72 | NOTE | |
r-release-macos-arm64 | 0.0.2 | 40.00 | NOTE | |||
r-release-macos-x86_64 | 0.0.2 | 66.00 | NOTE | |||
r-release-windows-x86_64 | 0.0.2 | 28.00 | 109.00 | 137.00 | NOTE | |
r-oldrel-macos-arm64 | 0.0.2 | 68.00 | NOTE | |||
r-oldrel-macos-x86_64 | 0.0.2 | 60.00 | NOTE | |||
r-oldrel-windows-ix86+x86_64 | 0.0.2 | 11.00 | 87.00 | 98.00 | NOTE |
Version: 0.0.2
Check: LazyData
Result: NOTE
'LazyData' is specified without a 'data' directory
Flavors: r-devel-linux-x86_64-debian-clang, r-devel-linux-x86_64-debian-gcc, r-devel-linux-x86_64-fedora-clang, r-devel-linux-x86_64-fedora-gcc, r-devel-windows-x86_64, r-patched-linux-x86_64, r-release-linux-x86_64, r-release-macos-arm64, r-release-macos-x86_64, r-release-windows-x86_64, r-oldrel-macos-arm64, r-oldrel-macos-x86_64, r-oldrel-windows-ix86+x86_64
Version: 0.0.2
Check: Rd cross-references
Result: NOTE
Undeclared package ‘htmlwidgets’ in Rd xrefs
Flavor: r-devel-linux-x86_64-fedora-clang