Last updated on 2022-07-05 11:50:03 CEST.
Flavor | Version | Tinstall | Tcheck | Ttotal | Status | Flags |
---|---|---|---|---|---|---|
r-devel-linux-x86_64-debian-clang | 0.5.1 | 83.92 | 55.92 | 139.84 | OK | |
r-devel-linux-x86_64-debian-gcc | 0.5.1 | 74.27 | 44.00 | 118.27 | OK | |
r-devel-linux-x86_64-fedora-clang | 0.5.1 | 208.89 | NOTE | |||
r-devel-linux-x86_64-fedora-gcc | 0.5.1 | 196.62 | OK | |||
r-devel-windows-x86_64 | 0.5.1 | 76.00 | 105.00 | 181.00 | NOTE | |
r-patched-linux-x86_64 | 0.5.1 | 78.45 | 53.82 | 132.27 | OK | |
r-release-linux-x86_64 | 0.5.1 | 82.80 | 54.30 | 137.10 | OK | |
r-release-macos-arm64 | 0.5.1 | 53.00 | NOTE | |||
r-release-macos-x86_64 | 0.5.1 | 67.00 | NOTE | |||
r-release-windows-x86_64 | 0.5.1 | 78.00 | 106.00 | 184.00 | NOTE | |
r-oldrel-macos-arm64 | 0.5.1 | 59.00 | NOTE | |||
r-oldrel-macos-x86_64 | 0.5.1 | 68.00 | NOTE | |||
r-oldrel-windows-ix86+x86_64 | 0.5.1 | 204.00 | 131.00 | 335.00 | NOTE |
Version: 0.5.1
Check: installed package size
Result: NOTE
installed size is 8.2Mb
sub-directories of 1Mb or more:
data 2.4Mb
libs 4.3Mb
Flavors: r-devel-linux-x86_64-fedora-clang, r-devel-windows-x86_64, r-release-macos-arm64, r-release-macos-x86_64, r-release-windows-x86_64, r-oldrel-macos-arm64, r-oldrel-macos-x86_64, r-oldrel-windows-ix86+x86_64