CRAN Package Check Results for Package rpinterest

Last updated on 2022-07-06 12:53:45 CEST.

Flavor Version Tinstall Tcheck Ttotal Status Flags
r-devel-linux-x86_64-debian-clang 0.3.1 2.66 22.68 25.34 NOTE
r-devel-linux-x86_64-debian-gcc 0.3.1 2.02 17.39 19.41 NOTE
r-devel-linux-x86_64-fedora-clang 0.3.1 40.67 NOTE
r-devel-linux-x86_64-fedora-gcc 0.3.1 40.15 NOTE
r-devel-windows-x86_64 0.3.1 14.00 48.00 62.00 NOTE
r-patched-linux-x86_64 0.3.1 2.76 21.57 24.33 NOTE
r-release-linux-x86_64 0.3.1 1.72 21.97 23.69 NOTE
r-release-macos-arm64 0.3.1 14.00 NOTE
r-release-macos-x86_64 0.3.1 22.00 NOTE
r-release-windows-x86_64 0.3.1 4.00 52.00 56.00 NOTE
r-oldrel-macos-arm64 0.3.1 23.00 NOTE
r-oldrel-macos-x86_64 0.3.1 24.00 NOTE
r-oldrel-windows-ix86+x86_64 0.3.1 6.00 41.00 47.00 NOTE

Check Details

Version: 0.3.1
Check: LazyData
Result: NOTE
     'LazyData' is specified without a 'data' directory
Flavors: r-devel-linux-x86_64-debian-clang, r-devel-linux-x86_64-debian-gcc, r-devel-linux-x86_64-fedora-clang, r-devel-linux-x86_64-fedora-gcc, r-devel-windows-x86_64, r-patched-linux-x86_64, r-release-linux-x86_64, r-release-macos-arm64, r-release-macos-x86_64, r-release-windows-x86_64, r-oldrel-macos-arm64, r-oldrel-macos-x86_64, r-oldrel-windows-ix86+x86_64