Last updated on 2024-03-28 09:51:55 CET.
Flavor | Version | Tinstall | Tcheck | Ttotal | Status | Flags |
---|---|---|---|---|---|---|
r-devel-linux-x86_64-debian-clang | 0.3.2 | 1.84 | 33.17 | 35.01 | OK | |
r-devel-linux-x86_64-debian-gcc | 0.3.2 | 2.45 | 25.98 | 28.43 | OK | |
r-devel-linux-x86_64-fedora-clang | 0.3.2 | 45.34 | NOTE | |||
r-devel-linux-x86_64-fedora-gcc | 0.3.2 | 44.67 | OK | |||
r-devel-windows-x86_64 | 0.3.2 | 4.00 | 49.00 | 53.00 | OK | |
r-patched-linux-x86_64 | 0.3.2 | 3.50 | 32.46 | 35.96 | OK | |
r-release-linux-x86_64 | 0.3.2 | 2.36 | 32.76 | 35.12 | OK | |
r-release-macos-arm64 | 0.3.2 | 22.00 | OK | |||
r-release-macos-x86_64 | 0.3.2 | 34.00 | OK | |||
r-release-windows-x86_64 | 0.3.2 | 4.00 | 51.00 | 55.00 | OK | |
r-oldrel-macos-arm64 | 0.3.2 | 24.00 | OK | |||
r-oldrel-windows-x86_64 | 0.3.2 | 4.00 | 54.00 | 58.00 | OK |
Version: 0.3.2
Check: Rd cross-references
Result: NOTE
Undeclared package ‘rsoi’ in Rd xrefs
Flavor: r-devel-linux-x86_64-fedora-clang