Last updated on 2023-09-23 11:50:27 CEST.
Flavor | Version | Tinstall | Tcheck | Ttotal | Status | Flags |
---|---|---|---|---|---|---|
r-devel-linux-x86_64-debian-clang | 1.1-5.2 | 13.90 | 77.12 | 91.02 | NOTE | |
r-devel-linux-x86_64-debian-gcc | 1.1-5.2 | 11.75 | 57.36 | 69.11 | NOTE | |
r-devel-linux-x86_64-fedora-clang | 1.1-5.2 | 116.24 | NOTE | |||
r-devel-linux-x86_64-fedora-gcc | 1.1-5.2 | 113.18 | NOTE | |||
r-devel-windows-x86_64 | 1.1-5.2 | 12.00 | 77.00 | 89.00 | NOTE | |
r-patched-linux-x86_64 | 1.1-5.2 | 17.10 | 77.11 | 94.21 | NOTE | |
r-release-linux-x86_64 | 1.1-5.2 | 12.99 | 75.88 | 88.87 | NOTE | |
r-release-macos-arm64 | 1.1-5.2 | 34.00 | NOTE | |||
r-release-macos-x86_64 | 1.1-5.2 | 61.00 | NOTE | |||
r-release-windows-x86_64 | 1.1-5.2 | 13.00 | 89.00 | 102.00 | NOTE | |
r-oldrel-macos-arm64 | 1.1-5.2 | 60.00 | OK | |||
r-oldrel-macos-x86_64 | 1.1-5.2 | 81.00 | OK | |||
r-oldrel-windows-x86_64 | 1.1-5.2 | 17.00 | 86.00 | 103.00 | NOTE |
Version: 1.1-5.2
Check: package dependencies
Result: NOTE
Package suggested but not available for checking: ‘RandomFields’
Flavors: r-devel-linux-x86_64-debian-clang, r-devel-linux-x86_64-debian-gcc, r-devel-linux-x86_64-fedora-clang, r-devel-linux-x86_64-fedora-gcc, r-devel-windows-x86_64, r-patched-linux-x86_64, r-release-linux-x86_64, r-release-macos-arm64, r-release-macos-x86_64, r-release-windows-x86_64, r-oldrel-windows-x86_64