CRAN Package Check Results for Package routr

Last updated on 2022-06-27 11:50:53 CEST.

Flavor Version Tinstall Tcheck Ttotal Status Flags
r-devel-linux-x86_64-debian-clang 0.4.0 5.79 38.37 44.16 NOTE
r-devel-linux-x86_64-debian-gcc 0.4.0 3.56 29.98 33.54 NOTE
r-devel-linux-x86_64-fedora-clang 0.4.0 62.96 NOTE
r-devel-linux-x86_64-fedora-gcc 0.4.0 62.97 NOTE
r-devel-windows-x86_64 0.4.0 11.00 64.00 75.00 NOTE
r-patched-linux-x86_64 0.4.0 5.78 36.84 42.62 NOTE
r-release-linux-x86_64 0.4.0 5.50 36.96 42.46 NOTE
r-release-macos-arm64 0.4.0 18.00 NOTE
r-release-macos-x86_64 0.4.0 29.00 NOTE
r-release-windows-x86_64 0.4.0 11.00 67.00 78.00 NOTE
r-oldrel-macos-arm64 0.4.0 27.00 NOTE
r-oldrel-macos-x86_64 0.4.0 34.00 NOTE
r-oldrel-windows-ix86+x86_64 0.4.0 12.00 56.00 68.00 NOTE

Check Details

Version: 0.4.0
Check: LazyData
Result: NOTE
     'LazyData' is specified without a 'data' directory
Flavors: r-devel-linux-x86_64-debian-clang, r-devel-linux-x86_64-debian-gcc, r-devel-linux-x86_64-fedora-clang, r-devel-linux-x86_64-fedora-gcc, r-devel-windows-x86_64, r-patched-linux-x86_64, r-release-linux-x86_64, r-release-macos-arm64, r-release-macos-x86_64, r-release-windows-x86_64, r-oldrel-macos-arm64, r-oldrel-macos-x86_64, r-oldrel-windows-ix86+x86_64

Version: 0.4.0
Check: dependencies in R code
Result: NOTE
    Namespaces in Imports field not imported from:
     ‘httpuv’ ‘utils’
     All declared Imports should be used.
Flavors: r-devel-linux-x86_64-fedora-clang, r-devel-linux-x86_64-fedora-gcc, r-release-macos-arm64, r-release-macos-x86_64, r-oldrel-macos-arm64, r-oldrel-macos-x86_64