Last updated on 2023-12-03 11:50:48 CET.
Flavor | Version | Tinstall | Tcheck | Ttotal | Status | Flags |
---|---|---|---|---|---|---|
r-devel-linux-x86_64-debian-clang | 1.6.4 | 128.36 | 108.68 | 237.04 | WARN | |
r-devel-linux-x86_64-debian-gcc | 1.6.4 | 91.55 | 78.42 | 169.97 | NOTE | |
r-devel-linux-x86_64-fedora-clang | 1.6.4 | 347.29 | WARN | |||
r-devel-linux-x86_64-fedora-gcc | 1.6.4 | 345.75 | NOTE | |||
r-devel-windows-x86_64 | 1.6.4 | 101.00 | 158.00 | 259.00 | NOTE | |
r-patched-linux-x86_64 | 1.6.4 | 111.43 | 102.24 | 213.67 | NOTE | |
r-release-linux-x86_64 | 1.6.4 | 110.55 | 103.30 | 213.85 | NOTE | |
r-release-macos-arm64 | 1.6.4 | 92.00 | NOTE | |||
r-release-macos-x86_64 | 1.6.4 | 148.00 | NOTE | |||
r-release-windows-x86_64 | 1.6.4 | 135.00 | 178.00 | 313.00 | NOTE | |
r-oldrel-macos-arm64 | 1.6.4 | 77.00 | NOTE | |||
r-oldrel-macos-x86_64 | 1.6.4 | 107.00 | NOTE | |||
r-oldrel-windows-x86_64 | 1.6.4 | 125.00 | 169.00 | 294.00 | NOTE |
Version: 1.6.4
Check: whether package can be installed
Result: WARN
Found the following significant warnings:
RcppExports.cpp:47:18: warning: format string is not a string literal (potentially insecure) [-Wformat-security]
RcppExports.cpp:82:18: warning: format string is not a string literal (potentially insecure) [-Wformat-security]
RcppExports.cpp:117:18: warning: format string is not a string literal (potentially insecure) [-Wformat-security]
RcppExports.cpp:152:18: warning: format string is not a string literal (potentially insecure) [-Wformat-security]
RcppExports.cpp:187:18: warning: format string is not a string literal (potentially insecure) [-Wformat-security]
RcppExports.cpp:223:18: warning: format string is not a string literal (potentially insecure) [-Wformat-security]
RcppExports.cpp:259:18: warning: format string is not a string literal (potentially insecure) [-Wformat-security]
RcppExports.cpp:295:18: warning: format string is not a string literal (potentially insecure) [-Wformat-security]
RcppExports.cpp:333:18: warning: format string is not a string literal (potentially insecure) [-Wformat-security]
RcppExports.cpp:371:18: warning: format string is not a string literal (potentially insecure) [-Wformat-security]
RcppExports.cpp:406:18: warning: format string is not a string literal (potentially insecure) [-Wformat-security]
RcppExports.cpp:447:18: warning: format string is not a string literal (potentially insecure) [-Wformat-security]
RcppExports.cpp:482:18: warning: format string is not a string literal (potentially insecure) [-Wformat-security]
RcppExports.cpp:517:18: warning: format string is not a string literal (potentially insecure) [-Wformat-security]
RcppExports.cpp:553:18: warning: format string is not a string literal (potentially insecure) [-Wformat-security]
RcppExports.cpp:588:18: warning: format string is not a string literal (potentially insecure) [-Wformat-security]
RcppExports.cpp:623:18: warning: format string is not a string literal (potentially insecure) [-Wformat-security]
RcppExports.cpp:658:18: warning: format string is not a string literal (potentially insecure) [-Wformat-security]
RcppExports.cpp:693:18: warning: format string is not a string literal (potentially insecure) [-Wformat-security]
RcppExports.cpp:728:18: warning: format string is not a string literal (potentially insecure) [-Wformat-security]
RcppExports.cpp:763:18: warning: format string is not a string literal (potentially insecure) [-Wformat-security]
RcppExports.cpp:798:18: warning: format string is not a string literal (potentially insecure) [-Wformat-security]
RcppExports.cpp:833:18: warning: format string is not a string literal (potentially insecure) [-Wformat-security]
RcppExports.cpp:868:18: warning: format string is not a string literal (potentially insecure) [-Wformat-security]
RcppExports.cpp:902:18: warning: format string is not a string literal (potentially insecure) [-Wformat-security]
RcppExports.cpp:937:18: warning: format string is not a string literal (potentially insecure) [-Wformat-security]
RcppExports.cpp:972:18: warning: format string is not a string literal (potentially insecure) [-Wformat-security]
RcppExports.cpp:1006:18: warning: format string is not a string literal (potentially insecure) [-Wformat-security]
RcppExports.cpp:1043:18: warning: format string is not a string literal (potentially insecure) [-Wformat-security]
RcppExports.cpp:1077:18: warning: format string is not a string literal (potentially insecure) [-Wformat-security]
RcppExports.cpp:1111:18: warning: format string is not a string literal (potentially insecure) [-Wformat-security]
RcppExports.cpp:1145:18: warning: format string is not a string literal (potentially insecure) [-Wformat-security]
RcppExports.cpp:1179:18: warning: format string is not a string literal (potentially insecure) [-Wformat-security]
RcppExports.cpp:1213:18: warning: format string is not a string literal (potentially insecure) [-Wformat-security]
RcppExports.cpp:1247:18: warning: format string is not a string literal (potentially insecure) [-Wformat-security]
RcppExports.cpp:1281:18: warning: format string is not a string literal (potentially insecure) [-Wformat-security]
RcppExports.cpp:1315:18: warning: format string is not a string literal (potentially insecure) [-Wformat-security]
RcppExports.cpp:1349:18: warning: format string is not a string literal (potentially insecure) [-Wformat-security]
RcppExports.cpp:1385:18: warning: format string is not a string literal (potentially insecure) [-Wformat-security]
RcppExports.cpp:1421:18: warning: format string is not a string literal (potentially insecure) [-Wformat-security]
RcppExports.cpp:1457:18: warning: format string is not a string literal (potentially insecure) [-Wformat-security]
RcppExports.cpp:1491:18: warning: format string is not a string literal (potentially insecure) [-Wformat-security]
RcppExports.cpp:1525:18: warning: format string is not a string literal (potentially insecure) [-Wformat-security]
RcppExports.cpp:1560:18: warning: format string is not a string literal (potentially insecure) [-Wformat-security]
See ‘/home/hornik/tmp/R.check/r-devel-clang/Work/PKGS/rotations.Rcheck/00install.out’ for details.
* used C++ compiler: ‘Debian clang version 17.0.5 (1)’
Flavor: r-devel-linux-x86_64-debian-clang
Version: 1.6.4
Check: C++ specification
Result: NOTE
Specified C++11: please drop specification unless essential
Flavors: r-devel-linux-x86_64-debian-clang, r-devel-linux-x86_64-debian-gcc, r-devel-linux-x86_64-fedora-clang, r-devel-linux-x86_64-fedora-gcc, r-devel-windows-x86_64, r-patched-linux-x86_64, r-release-linux-x86_64, r-release-macos-arm64, r-release-macos-x86_64, r-release-windows-x86_64
Version: 1.6.4
Check: whether package can be installed
Result: WARN
Found the following significant warnings:
RcppExports.cpp:47:18: warning: format string is not a string literal (potentially insecure) [-Wformat-security]
RcppExports.cpp:82:18: warning: format string is not a string literal (potentially insecure) [-Wformat-security]
RcppExports.cpp:117:18: warning: format string is not a string literal (potentially insecure) [-Wformat-security]
RcppExports.cpp:152:18: warning: format string is not a string literal (potentially insecure) [-Wformat-security]
RcppExports.cpp:187:18: warning: format string is not a string literal (potentially insecure) [-Wformat-security]
RcppExports.cpp:223:18: warning: format string is not a string literal (potentially insecure) [-Wformat-security]
RcppExports.cpp:259:18: warning: format string is not a string literal (potentially insecure) [-Wformat-security]
RcppExports.cpp:295:18: warning: format string is not a string literal (potentially insecure) [-Wformat-security]
RcppExports.cpp:333:18: warning: format string is not a string literal (potentially insecure) [-Wformat-security]
RcppExports.cpp:371:18: warning: format string is not a string literal (potentially insecure) [-Wformat-security]
RcppExports.cpp:406:18: warning: format string is not a string literal (potentially insecure) [-Wformat-security]
RcppExports.cpp:447:18: warning: format string is not a string literal (potentially insecure) [-Wformat-security]
RcppExports.cpp:482:18: warning: format string is not a string literal (potentially insecure) [-Wformat-security]
RcppExports.cpp:517:18: warning: format string is not a string literal (potentially insecure) [-Wformat-security]
RcppExports.cpp:553:18: warning: format string is not a string literal (potentially insecure) [-Wformat-security]
RcppExports.cpp:588:18: warning: format string is not a string literal (potentially insecure) [-Wformat-security]
RcppExports.cpp:623:18: warning: format string is not a string literal (potentially insecure) [-Wformat-security]
RcppExports.cpp:658:18: warning: format string is not a string literal (potentially insecure) [-Wformat-security]
RcppExports.cpp:693:18: warning: format string is not a string literal (potentially insecure) [-Wformat-security]
RcppExports.cpp:728:18: warning: format string is not a string literal (potentially insecure) [-Wformat-security]
RcppExports.cpp:763:18: warning: format string is not a string literal (potentially insecure) [-Wformat-security]
RcppExports.cpp:798:18: warning: format string is not a string literal (potentially insecure) [-Wformat-security]
RcppExports.cpp:833:18: warning: format string is not a string literal (potentially insecure) [-Wformat-security]
RcppExports.cpp:868:18: warning: format string is not a string literal (potentially insecure) [-Wformat-security]
RcppExports.cpp:902:18: warning: format string is not a string literal (potentially insecure) [-Wformat-security]
RcppExports.cpp:937:18: warning: format string is not a string literal (potentially insecure) [-Wformat-security]
RcppExports.cpp:972:18: warning: format string is not a string literal (potentially insecure) [-Wformat-security]
RcppExports.cpp:1006:18: warning: format string is not a string literal (potentially insecure) [-Wformat-security]
RcppExports.cpp:1043:18: warning: format string is not a string literal (potentially insecure) [-Wformat-security]
RcppExports.cpp:1077:18: warning: format string is not a string literal (potentially insecure) [-Wformat-security]
RcppExports.cpp:1111:18: warning: format string is not a string literal (potentially insecure) [-Wformat-security]
RcppExports.cpp:1145:18: warning: format string is not a string literal (potentially insecure) [-Wformat-security]
RcppExports.cpp:1179:18: warning: format string is not a string literal (potentially insecure) [-Wformat-security]
RcppExports.cpp:1213:18: warning: format string is not a string literal (potentially insecure) [-Wformat-security]
RcppExports.cpp:1247:18: warning: format string is not a string literal (potentially insecure) [-Wformat-security]
RcppExports.cpp:1281:18: warning: format string is not a string literal (potentially insecure) [-Wformat-security]
RcppExports.cpp:1315:18: warning: format string is not a string literal (potentially insecure) [-Wformat-security]
RcppExports.cpp:1349:18: warning: format string is not a string literal (potentially insecure) [-Wformat-security]
RcppExports.cpp:1385:18: warning: format string is not a string literal (potentially insecure) [-Wformat-security]
RcppExports.cpp:1421:18: warning: format string is not a string literal (potentially insecure) [-Wformat-security]
RcppExports.cpp:1457:18: warning: format string is not a string literal (potentially insecure) [-Wformat-security]
RcppExports.cpp:1491:18: warning: format string is not a string literal (potentially insecure) [-Wformat-security]
RcppExports.cpp:1525:18: warning: format string is not a string literal (potentially insecure) [-Wformat-security]
RcppExports.cpp:1560:18: warning: format string is not a string literal (potentially insecure) [-Wformat-security]
See ‘/data/gannet/ripley/R/packages/tests-clang/rotations.Rcheck/00install.out’ for details.
* used C++ compiler: ‘clang version 17.0.5’
Flavor: r-devel-linux-x86_64-fedora-clang
Version: 1.6.4
Check: installed package size
Result: NOTE
installed size is 5.0Mb
sub-directories of 1Mb or more:
R 1.1Mb
data 2.7Mb
Flavors: r-devel-linux-x86_64-fedora-clang, r-devel-windows-x86_64, r-release-macos-arm64, r-release-macos-x86_64, r-release-windows-x86_64, r-oldrel-macos-arm64, r-oldrel-macos-x86_64, r-oldrel-windows-x86_64