Last updated on 2024-04-18 12:52:58 CEST.
Flavor | Version | Tinstall | Tcheck | Ttotal | Status | Flags |
---|---|---|---|---|---|---|
r-devel-linux-x86_64-debian-clang | 1.6.5 | 121.64 | 111.25 | 232.89 | NOTE | |
r-devel-linux-x86_64-debian-gcc | 1.6.5 | 98.15 | 82.99 | 181.14 | NOTE | |
r-devel-linux-x86_64-fedora-clang | 1.6.5 | 336.69 | NOTE | |||
r-devel-linux-x86_64-fedora-gcc | 1.6.5 | 348.62 | NOTE | |||
r-prerel-macos-arm64 | 1.6.5 | 80.00 | NOTE | |||
r-prerel-windows-x86_64 | 1.6.5 | 106.00 | 160.00 | 266.00 | NOTE | |
r-patched-linux-x86_64 | 1.6.5 | 133.59 | 106.16 | 239.75 | NOTE | |
r-release-linux-x86_64 | 1.6.5 | 126.81 | 108.04 | 234.85 | NOTE | |
r-release-macos-arm64 | 1.6.5 | 89.00 | NOTE | |||
r-release-macos-x86_64 | 1.6.5 | 140.00 | NOTE | |||
r-release-windows-x86_64 | 1.6.5 | 131.00 | 182.00 | 313.00 | NOTE | |
r-oldrel-macos-arm64 | 1.6.5 | 83.00 | NOTE | |||
r-oldrel-windows-x86_64 | 1.6.5 | 128.00 | 176.00 | 304.00 | NOTE |
Version: 1.6.5
Check: C++ specification
Result: NOTE
Specified C++11: please drop specification unless essential
Flavors: r-devel-linux-x86_64-debian-clang, r-devel-linux-x86_64-debian-gcc, r-devel-linux-x86_64-fedora-clang, r-devel-linux-x86_64-fedora-gcc, r-prerel-macos-arm64, r-prerel-windows-x86_64, r-patched-linux-x86_64, r-release-linux-x86_64, r-release-macos-arm64, r-release-macos-x86_64, r-release-windows-x86_64
Version: 1.6.5
Check: installed package size
Result: NOTE
installed size is 5.9Mb
sub-directories of 1Mb or more:
R 2.0Mb
data 2.7Mb
Flavors: r-devel-linux-x86_64-fedora-clang, r-prerel-macos-arm64, r-prerel-windows-x86_64, r-release-macos-arm64, r-release-macos-x86_64, r-release-windows-x86_64, r-oldrel-macos-arm64, r-oldrel-windows-x86_64