CRAN Package Check Results for Package roptions

Last updated on 2022-07-07 12:55:34 CEST.

Flavor Version Tinstall Tcheck Ttotal Status Flags
r-devel-linux-x86_64-debian-clang 1.0.3 8.34 69.29 77.63 NOTE
r-devel-linux-x86_64-debian-gcc 1.0.3 6.53 51.72 58.25 NOTE
r-devel-linux-x86_64-fedora-clang 1.0.3 103.07 NOTE
r-devel-linux-x86_64-fedora-gcc 1.0.3 100.97 NOTE
r-devel-windows-x86_64 1.0.3 13.00 93.00 106.00 NOTE
r-patched-linux-x86_64 1.0.3 7.44 65.68 73.12 NOTE
r-release-linux-x86_64 1.0.3 5.02 65.77 70.79 NOTE
r-release-macos-arm64 1.0.3 30.00 NOTE
r-release-macos-x86_64 1.0.3 50.00 NOTE
r-release-windows-x86_64 1.0.3 13.00 102.00 115.00 NOTE
r-oldrel-macos-arm64 1.0.3 35.00 NOTE
r-oldrel-macos-x86_64 1.0.3 51.00 NOTE
r-oldrel-windows-ix86+x86_64 1.0.3 20.00 89.00 109.00 NOTE

Check Details

Version: 1.0.3
Check: LazyData
Result: NOTE
     'LazyData' is specified without a 'data' directory
Flavors: r-devel-linux-x86_64-debian-clang, r-devel-linux-x86_64-debian-gcc, r-devel-linux-x86_64-fedora-clang, r-devel-linux-x86_64-fedora-gcc, r-devel-windows-x86_64, r-patched-linux-x86_64, r-release-linux-x86_64, r-release-macos-arm64, r-release-macos-x86_64, r-release-windows-x86_64, r-oldrel-macos-arm64, r-oldrel-macos-x86_64, r-oldrel-windows-ix86+x86_64