CRAN Package Check Results for Package roptim

Last updated on 2022-07-02 12:53:13 CEST.

Flavor Version Tinstall Tcheck Ttotal Status Flags
r-devel-linux-x86_64-debian-clang 0.1.5 39.53 30.85 70.38 NOTE
r-devel-linux-x86_64-debian-gcc 0.1.5 27.59 23.92 51.51 NOTE
r-devel-linux-x86_64-fedora-clang 0.1.5 107.23 NOTE
r-devel-linux-x86_64-fedora-gcc 0.1.5 96.51 NOTE
r-devel-windows-x86_64 0.1.5 39.00 76.00 115.00 NOTE
r-patched-linux-x86_64 0.1.5 29.02 30.20 59.22 NOTE
r-release-linux-x86_64 0.1.5 30.42 29.54 59.96 NOTE
r-release-macos-arm64 0.1.5 28.00 NOTE
r-release-macos-x86_64 0.1.5 39.00 NOTE
r-release-windows-x86_64 0.1.5 35.00 80.00 115.00 NOTE
r-oldrel-macos-arm64 0.1.5 33.00 NOTE
r-oldrel-macos-x86_64 0.1.5 52.00 NOTE
r-oldrel-windows-ix86+x86_64 0.1.5 87.00 75.00 162.00 NOTE

Check Details

Version: 0.1.5
Check: LazyData
Result: NOTE
     'LazyData' is specified without a 'data' directory
Flavors: r-devel-linux-x86_64-debian-clang, r-devel-linux-x86_64-debian-gcc, r-devel-linux-x86_64-fedora-clang, r-devel-linux-x86_64-fedora-gcc, r-devel-windows-x86_64, r-patched-linux-x86_64, r-release-linux-x86_64, r-release-macos-arm64, r-release-macos-x86_64, r-release-windows-x86_64, r-oldrel-macos-arm64, r-oldrel-macos-x86_64, r-oldrel-windows-ix86+x86_64