Last updated on 2023-02-02 11:54:14 CET.
Flavor | Version | Tinstall | Tcheck | Ttotal | Status | Flags |
---|---|---|---|---|---|---|
r-devel-linux-x86_64-debian-clang | 0.1.6 | 38.55 | 32.70 | 71.25 | NOTE | |
r-devel-linux-x86_64-debian-gcc | 0.1.6 | 28.86 | 24.85 | 53.71 | NOTE | |
r-devel-linux-x86_64-fedora-clang | 0.1.6 | 99.36 | NOTE | |||
r-devel-linux-x86_64-fedora-gcc | 0.1.6 | 106.42 | NOTE | |||
r-patched-linux-x86_64 | 0.1.6 | 25.85 | 31.27 | 57.12 | OK | |
r-release-linux-x86_64 | 0.1.6 | 29.28 | 32.15 | 61.43 | OK | |
r-release-macos-arm64 | 0.1.6 | 28.00 | OK | |||
r-release-macos-x86_64 | 0.1.6 | 42.00 | OK | |||
r-release-windows-x86_64 | 0.1.6 | 36.00 | 90.00 | 126.00 | OK | |
r-oldrel-macos-arm64 | 0.1.6 | 31.00 | OK | |||
r-oldrel-macos-x86_64 | 0.1.6 | 42.00 | OK | |||
r-oldrel-windows-ix86+x86_64 | 0.1.6 | 86.00 | 79.00 | 165.00 | OK |
Version: 0.1.6
Check: C++ specification
Result: NOTE
Specified C++11: please update to current default of C++17
Flavors: r-devel-linux-x86_64-debian-clang, r-devel-linux-x86_64-debian-gcc, r-devel-linux-x86_64-fedora-clang, r-devel-linux-x86_64-fedora-gcc