Last updated on 2022-06-26 11:52:43 CEST.
Flavor | Version | Tinstall | Tcheck | Ttotal | Status | Flags |
---|---|---|---|---|---|---|
r-devel-linux-x86_64-debian-clang | 0.3.1 | 7.40 | 76.45 | 83.85 | NOTE | |
r-devel-linux-x86_64-debian-gcc | 0.3.1 | 6.96 | 56.62 | 63.58 | NOTE | |
r-devel-linux-x86_64-fedora-clang | 0.3.1 | 110.44 | NOTE | |||
r-devel-linux-x86_64-fedora-gcc | 0.3.1 | 110.39 | NOTE | |||
r-devel-windows-x86_64 | 0.3.1 | 17.00 | 102.00 | 119.00 | NOTE | |
r-patched-linux-x86_64 | 0.3.1 | 7.98 | 71.06 | 79.04 | NOTE | |
r-release-linux-x86_64 | 0.3.1 | 5.71 | 72.16 | 77.87 | NOTE | |
r-release-macos-arm64 | 0.3.1 | 34.00 | NOTE | |||
r-release-macos-x86_64 | 0.3.1 | 56.00 | NOTE | |||
r-release-windows-x86_64 | 0.3.1 | 20.00 | 117.00 | 137.00 | NOTE | |
r-oldrel-macos-arm64 | 0.3.1 | 39.00 | NOTE | |||
r-oldrel-macos-x86_64 | 0.3.1 | 40.00 | NOTE | |||
r-oldrel-windows-ix86+x86_64 | 0.3.1 | 22.00 | 91.00 | 113.00 | NOTE |
Version: 0.3.1
Check: LazyData
Result: NOTE
'LazyData' is specified without a 'data' directory
Flavors: r-devel-linux-x86_64-debian-clang, r-devel-linux-x86_64-debian-gcc, r-devel-linux-x86_64-fedora-clang, r-devel-linux-x86_64-fedora-gcc, r-devel-windows-x86_64, r-patched-linux-x86_64, r-release-linux-x86_64, r-release-macos-arm64, r-release-macos-x86_64, r-release-windows-x86_64, r-oldrel-macos-arm64, r-oldrel-macos-x86_64, r-oldrel-windows-ix86+x86_64
Version: 0.3.1
Check: Rd cross-references
Result: NOTE
Undeclared package ‘readroper’ in Rd xrefs
Flavor: r-devel-linux-x86_64-fedora-clang