CRAN Package Check Results for Package roperators

Last updated on 2022-06-25 10:53:13 CEST.

Flavor Version Tinstall Tcheck Ttotal Status Flags
r-devel-linux-x86_64-debian-clang 1.2.0 2.61 30.54 33.15 OK
r-devel-linux-x86_64-debian-gcc 1.2.0 2.21 24.14 26.35 OK
r-devel-linux-x86_64-fedora-clang 1.2.0 51.05 OK
r-devel-linux-x86_64-fedora-gcc 1.2.0 52.11 OK
r-devel-windows-x86_64 1.2.0 38.00 60.00 98.00 OK
r-patched-linux-x86_64 1.2.0 3.23 29.71 32.94 OK
r-release-linux-x86_64 1.2.0 2.40 30.03 32.43 OK
r-release-macos-arm64 1.2.0 18.00 OK
r-release-macos-x86_64 1.2.0 27.00 OK
r-release-windows-x86_64 1.2.0 55.00 59.00 114.00 OK
r-oldrel-macos-arm64 1.2.0 18.00 OK
r-oldrel-macos-x86_64 1.2.0 22.00 OK
r-oldrel-windows-ix86+x86_64 1.2.0 6.00 44.00 50.00 WARN

Check Details

Version: 1.2.0
Check: re-building of vignette outputs
Result: WARN
    Error(s) in re-building vignettes:
    --- re-building 'nicer_roperators.Rmd' using rmarkdown
    Error: processing vignette 'nicer_roperators.Rmd' failed with diagnostics:
    only `math_method = 'mathjax'` is supported with earlier version than Pandoc 2.0
    --- failed re-building 'nicer_roperators.Rmd'
    
    SUMMARY: processing the following file failed:
     'nicer_roperators.Rmd'
    
    Error: Vignette re-building failed.
    Execution halted
Flavor: r-oldrel-windows-ix86+x86_64