Last updated on 2024-05-01 12:14:36 CEST.
Flavor | Version | Tinstall | Tcheck | Ttotal | Status | Flags |
---|---|---|---|---|---|---|
r-devel-linux-x86_64-debian-clang | 1.0 | 9.41 | 79.97 | 89.38 | NOTE | |
r-devel-linux-x86_64-debian-gcc | 1.0 | 7.57 | 59.88 | 67.45 | NOTE | |
r-devel-linux-x86_64-fedora-clang | 1.0 | 112.03 | NOTE | |||
r-devel-linux-x86_64-fedora-gcc | 1.0 | 120.62 | NOTE | |||
r-devel-windows-x86_64 | 1.0 | 9.00 | 77.00 | 86.00 | NOTE | |
r-patched-linux-x86_64 | 1.0 | 10.31 | 76.18 | 86.49 | NOTE | |
r-release-linux-x86_64 | 1.0 | 10.14 | 78.08 | 88.22 | NOTE | |
r-release-macos-arm64 | 1.0 | 38.00 | NOTE | |||
r-release-windows-x86_64 | 1.0 | 8.00 | 75.00 | 83.00 | NOTE | |
r-oldrel-macos-arm64 | 1.0 | 40.00 | NOTE | |||
r-oldrel-macos-x86_64 | 1.0 | 60.00 | NOTE | |||
r-oldrel-windows-x86_64 | 1.0 | 12.00 | 89.00 | 101.00 | NOTE |
Version: 1.0
Check: LazyData
Result: NOTE
'LazyData' is specified without a 'data' directory
Flavors: r-devel-linux-x86_64-debian-clang, r-devel-linux-x86_64-debian-gcc, r-devel-linux-x86_64-fedora-clang, r-devel-linux-x86_64-fedora-gcc, r-devel-windows-x86_64, r-patched-linux-x86_64, r-release-linux-x86_64, r-release-macos-arm64, r-release-windows-x86_64, r-oldrel-macos-arm64, r-oldrel-macos-x86_64, r-oldrel-windows-x86_64