CRAN Package Check Results for Package rolog

Last updated on 2022-10-04 11:50:22 CEST.

Flavor Version Tinstall Tcheck Ttotal Status Flags
r-devel-linux-x86_64-debian-clang 0.9.4 223.80 71.74 295.54 WARN
r-devel-linux-x86_64-debian-gcc 0.9.4 194.75 55.99 250.74 WARN
r-devel-linux-x86_64-fedora-clang 0.9.4 439.91 NOTE
r-devel-linux-x86_64-fedora-gcc 0.9.4 420.89 NOTE
r-devel-windows-x86_64 0.9.4 7159.00 156.00 7315.00 NOTE
r-patched-linux-x86_64 0.9.4 217.70 69.22 286.92 WARN
r-release-linux-x86_64 0.9.4 225.54 68.53 294.07 WARN
r-release-macos-arm64 0.9.4 187.00 NOTE
r-release-macos-x86_64 0.9.4 257.00 NOTE
r-release-windows-x86_64 0.9.4 6181.00 159.00 6340.00 NOTE

Check Details

Version: 0.9.4
Check: whether package can be installed
Result: WARN
    Found the following significant warnings:
     /tmp/RtmpQWGGdH/R.INSTALL132691609921b9/rolog/src/swipl-devel/src/os/pl-os.c:2159:26: warning: the comparison will always evaluate as 'true' for the address of 'S__iob' will never be NULL [-Waddress]
Flavor: r-devel-linux-x86_64-debian-clang

Version: 0.9.4
Check: for GNU extensions in Makefiles
Result: NOTE
    GNU make is a SystemRequirements.
Flavors: r-devel-linux-x86_64-debian-clang, r-devel-linux-x86_64-debian-gcc, r-devel-linux-x86_64-fedora-clang, r-devel-linux-x86_64-fedora-gcc, r-devel-windows-x86_64, r-patched-linux-x86_64, r-release-linux-x86_64, r-release-macos-arm64, r-release-macos-x86_64, r-release-windows-x86_64

Version: 0.9.4
Check: whether package can be installed
Result: WARN
    Found the following significant warnings:
     /home/hornik/tmp/scratch/Rtmpgebo2w/R.INSTALL155ac243767829/rolog/src/swipl-devel/src/os/pl-os.c:2159:26: warning: the comparison will always evaluate as ‘true’ for the address of ‘S__iob’ will never be NULL [-Waddress]
Flavor: r-devel-linux-x86_64-debian-gcc

Version: 0.9.4
Check: installed package size
Result: NOTE
     installed size is 15.6Mb
     sub-directories of 1Mb or more:
     swipl 15.0Mb
Flavors: r-devel-linux-x86_64-fedora-clang, r-devel-windows-x86_64, r-release-macos-arm64, r-release-macos-x86_64, r-release-windows-x86_64

Version: 0.9.4
Check: whether package can be installed
Result: WARN
    Found the following significant warnings:
     /tmp/Rtmpj0wDxy/R.INSTALL2f800833c5e764/rolog/src/swipl-devel/src/os/pl-os.c:2159:26: warning: the comparison will always evaluate as ‘true’ for the address of ‘S__iob’ will never be NULL [-Waddress]
Flavor: r-patched-linux-x86_64

Version: 0.9.4
Check: whether package can be installed
Result: WARN
    Found the following significant warnings:
     /tmp/RtmpmZpoXS/R.INSTALL276d95ed177e0/rolog/src/swipl-devel/src/os/pl-os.c:2159:26: warning: the comparison will always evaluate as ‘true’ for the address of ‘S__iob’ will never be NULL [-Waddress]
Flavor: r-release-linux-x86_64