CRAN Package Check Results for Package rolocISCCNBS

Last updated on 2025-05-13 10:51:28 CEST.

Flavor Version Tinstall Tcheck Ttotal Status Flags
r-devel-linux-x86_64-debian-clang 0.1 20.38 55.67 76.05 NOTE
r-devel-linux-x86_64-debian-gcc 0.1 13.22 37.67 50.89 NOTE
r-devel-linux-x86_64-fedora-clang 0.1 116.61 OK
r-devel-linux-x86_64-fedora-gcc 0.1 117.97 OK
r-devel-windows-x86_64 0.1 26.00 66.00 92.00 OK
r-patched-linux-x86_64 0.1 22.60 57.72 80.32 OK
r-release-linux-x86_64 0.1 19.30 57.18 76.48 OK
r-release-macos-arm64 0.1 46.00 OK
r-release-macos-x86_64 0.1 93.00 OK
r-release-windows-x86_64 0.1 26.00 66.00 92.00 OK
r-oldrel-macos-arm64 0.1 42.00 NOTE
r-oldrel-macos-x86_64 0.1 66.00 NOTE
r-oldrel-windows-x86_64 0.1 34.00 77.00 111.00 NOTE

Check Details

Version: 0.1
Check: CRAN incoming feasibility
Result: NOTE Maintainer: ‘Paul Murrell <paul@stat.auckland.ac.nz>’ No Authors@R field in DESCRIPTION. Please add one, modifying Authors@R: person(given = "Paul", family = "Murrell", role = c("aut", "cre"), email = "paul@stat.auckland.ac.nz") as necessary. Flavors: r-devel-linux-x86_64-debian-clang, r-devel-linux-x86_64-debian-gcc

Version: 0.1
Check: installed package size
Result: NOTE installed size is 6.5Mb sub-directories of 1Mb or more: R 3.7Mb extdata 2.7Mb Flavors: r-oldrel-macos-arm64, r-oldrel-macos-x86_64, r-oldrel-windows-x86_64