Last updated on 2024-04-19 11:56:59 CEST.
Flavor | Version | Tinstall | Tcheck | Ttotal | Status | Flags |
---|---|---|---|---|---|---|
r-devel-linux-x86_64-debian-clang | 0.1.3 | 11.21 | 148.71 | 159.92 | OK | |
r-devel-linux-x86_64-debian-gcc | 0.1.3 | OK | ||||
r-devel-linux-x86_64-fedora-clang | 0.1.3 | 209.87 | NOTE | |||
r-devel-linux-x86_64-fedora-gcc | 0.1.3 | 203.72 | NOTE | |||
r-prerel-macos-arm64 | 0.1.3 | 63.00 | OK | |||
r-prerel-windows-x86_64 | 0.1.3 | 16.00 | 121.00 | 137.00 | OK | |
r-patched-linux-x86_64 | 0.1.3 | 15.21 | 143.00 | 158.21 | OK | |
r-release-linux-x86_64 | 0.1.3 | 7.03 | 146.29 | 153.32 | OK | |
r-release-macos-arm64 | 0.1.3 | 59.00 | OK | |||
r-release-macos-x86_64 | 0.1.3 | 158.00 | OK | |||
r-release-windows-x86_64 | 0.1.3 | 14.00 | 148.00 | 162.00 | OK | |
r-oldrel-macos-arm64 | 0.1.3 | 62.00 | OK | |||
r-oldrel-windows-x86_64 | 0.1.3 | 16.00 | 155.00 | 171.00 | OK |
Version: 0.1.3
Check: data for non-ASCII characters
Result: NOTE
Note: found 261 marked UTF-8 strings
Flavors: r-devel-linux-x86_64-fedora-clang, r-devel-linux-x86_64-fedora-gcc