CRAN Package Check Results for Package rollinglda

Last updated on 2022-07-02 12:53:13 CEST.

Flavor Version Tinstall Tcheck Ttotal Status Flags
r-devel-linux-x86_64-debian-clang 0.1.1 11.14 168.65 179.79 OK
r-devel-linux-x86_64-debian-gcc 0.1.1 8.09 116.78 124.87 OK
r-devel-linux-x86_64-fedora-clang 0.1.1 217.47 NOTE
r-devel-linux-x86_64-fedora-gcc 0.1.1 209.89 NOTE
r-devel-windows-x86_64 0.1.1 27.00 178.00 205.00 OK
r-patched-linux-x86_64 0.1.1 16.42 149.39 165.81 OK
r-release-linux-x86_64 0.1.1 6.62 149.66 156.28 OK
r-release-macos-arm64 0.1.1 60.00 NOTE
r-release-macos-x86_64 0.1.1 95.00 NOTE
r-release-windows-x86_64 0.1.1 26.00 180.00 206.00 OK
r-oldrel-macos-arm64 0.1.1 60.00 NOTE
r-oldrel-macos-x86_64 0.1.1 77.00 NOTE
r-oldrel-windows-ix86+x86_64 0.1.1 28.00 296.00 324.00 OK

Check Details

Version: 0.1.1
Check: data for non-ASCII characters
Result: NOTE
     Note: found 261 marked UTF-8 strings
Flavors: r-devel-linux-x86_64-fedora-clang, r-devel-linux-x86_64-fedora-gcc, r-release-macos-arm64, r-release-macos-x86_64, r-oldrel-macos-arm64, r-oldrel-macos-x86_64