Last updated on 2022-06-29 11:52:20 CEST.
Flavor | Version | Tinstall | Tcheck | Ttotal | Status | Flags |
---|---|---|---|---|---|---|
r-devel-linux-x86_64-debian-clang | 1.1.1 | 156.92 | 121.18 | 278.10 | OK | |
r-devel-linux-x86_64-debian-gcc | 1.1.1 | 129.93 | 88.77 | 218.70 | OK | |
r-devel-linux-x86_64-fedora-clang | 1.1.1 | 397.14 | NOTE | |||
r-devel-linux-x86_64-fedora-gcc | 1.1.1 | 371.76 | OK | |||
r-devel-windows-x86_64 | 1.1.1 | 121.00 | 161.00 | 282.00 | OK | |
r-patched-linux-x86_64 | 1.1.1 | 137.74 | 113.06 | 250.80 | OK | |
r-release-linux-x86_64 | 1.1.1 | 107.99 | 113.70 | 221.69 | OK | |
r-release-macos-arm64 | 1.1.1 | 86.00 | NOTE | |||
r-release-macos-x86_64 | 1.1.1 | 142.00 | NOTE | |||
r-release-windows-x86_64 | 1.1.1 | 127.00 | 159.00 | 286.00 | OK | |
r-oldrel-macos-arm64 | 1.1.1 | 98.00 | NOTE | |||
r-oldrel-macos-x86_64 | 1.1.1 | 166.00 | NOTE | |||
r-oldrel-windows-ix86+x86_64 | 1.1.1 | 386.00 | 196.00 | 582.00 | OK |
Version: 1.1.1
Check: installed package size
Result: NOTE
installed size is 5.3Mb
sub-directories of 1Mb or more:
libs 5.1Mb
Flavors: r-devel-linux-x86_64-fedora-clang, r-release-macos-arm64, r-release-macos-x86_64, r-oldrel-macos-arm64, r-oldrel-macos-x86_64