Last updated on 2024-04-24 11:21:03 CEST.
Flavor | Version | Tinstall | Tcheck | Ttotal | Status | Flags |
---|---|---|---|---|---|---|
r-devel-linux-x86_64-debian-clang | 0.1 | 112.40 | 123.27 | 235.67 | NOTE | |
r-devel-linux-x86_64-debian-gcc | 0.1 | 87.20 | 94.29 | 181.49 | NOTE | |
r-devel-linux-x86_64-fedora-clang | 0.1 | 339.56 | NOTE | |||
r-devel-linux-x86_64-fedora-gcc | 0.1 | 323.86 | NOTE | |||
r-devel-windows-x86_64 | 0.1 | 91.00 | 123.00 | 214.00 | NOTE | |
r-patched-linux-x86_64 | 0.1 | 82.24 | 121.87 | 204.11 | NOTE | |
r-release-linux-x86_64 | 0.1 | 82.54 | 120.04 | 202.58 | NOTE | |
r-release-macos-arm64 | 0.1 | 83.00 | NOTE | |||
r-release-windows-x86_64 | 0.1 | 91.00 | 123.00 | 214.00 | NOTE | |
r-oldrel-macos-arm64 | 0.1 | 71.00 | OK | |||
r-oldrel-macos-x86_64 | 0.1 | 141.00 | NOTE | |||
r-oldrel-windows-x86_64 | 0.1 | 110.00 | 151.00 | 261.00 | OK |
Version: 0.1
Check: C++ specification
Result: NOTE
Specified C++11: please drop specification unless essential
Flavors: r-devel-linux-x86_64-debian-clang, r-devel-linux-x86_64-debian-gcc, r-devel-linux-x86_64-fedora-clang, r-devel-linux-x86_64-fedora-gcc, r-devel-windows-x86_64, r-patched-linux-x86_64, r-release-linux-x86_64, r-release-macos-arm64, r-release-windows-x86_64, r-oldrel-macos-x86_64