CRAN Package Check Results for Package robustbase

Last updated on 2022-07-01 11:52:10 CEST.

Flavor Version Tinstall Tcheck Ttotal Status Flags
r-devel-linux-x86_64-debian-clang 0.95-0 29.10 341.51 370.61 NOTE
r-devel-linux-x86_64-debian-gcc 0.95-0 22.73 251.17 273.90 NOTE
r-devel-linux-x86_64-fedora-clang 0.95-0 439.12 NOTE
r-devel-linux-x86_64-fedora-gcc 0.95-0 450.96 NOTE
r-devel-windows-x86_64 0.95-0 279.00 433.00 712.00 NOTE
r-patched-linux-x86_64 0.95-0 26.55 317.08 343.63 OK
r-release-linux-x86_64 0.95-0 25.72 320.43 346.15 OK
r-release-macos-arm64 0.95-0 122.00 OK
r-release-macos-x86_64 0.95-0 179.00 OK
r-release-windows-x86_64 0.95-0 285.00 434.00 719.00 OK
r-oldrel-macos-arm64 0.95-0 117.00 OK
r-oldrel-macos-x86_64 0.95-0 177.00 OK
r-oldrel-windows-ix86+x86_64 0.95-0 61.00 633.00 694.00 OK

Check Details

Version: 0.95-0
Check: Rd files
Result: NOTE
    checkRd: (-1) aircraft.Rd:8: Escaped LaTeX specials: \$
Flavors: r-devel-linux-x86_64-debian-clang, r-devel-linux-x86_64-debian-gcc, r-devel-linux-x86_64-fedora-clang, r-devel-linux-x86_64-fedora-gcc, r-devel-windows-x86_64