Last updated on 2022-06-25 10:53:13 CEST.
Flavor | Version | Tinstall | Tcheck | Ttotal | Status | Flags |
---|---|---|---|---|---|---|
r-devel-linux-x86_64-debian-clang | 0.7.2 | 130.27 | 141.05 | 271.32 | OK | |
r-devel-linux-x86_64-debian-gcc | 0.7.2 | 101.73 | 103.19 | 204.92 | OK | |
r-devel-linux-x86_64-fedora-clang | 0.7.2 | 374.05 | NOTE | |||
r-devel-linux-x86_64-fedora-gcc | 0.7.2 | 349.23 | OK | |||
r-devel-windows-x86_64 | 0.7.2 | 140.00 | 178.00 | 318.00 | OK | |
r-patched-linux-x86_64 | 0.7.2 | 109.15 | 133.90 | 243.05 | OK | |
r-release-linux-x86_64 | 0.7.2 | 111.36 | 133.35 | 244.71 | OK | |
r-release-macos-arm64 | 0.7.2 | 93.00 | NOTE | |||
r-release-macos-x86_64 | 0.7.2 | 164.00 | NOTE | |||
r-release-windows-x86_64 | 0.7.2 | 154.00 | 182.00 | 336.00 | OK | |
r-oldrel-macos-arm64 | 0.7.2 | 135.00 | NOTE | |||
r-oldrel-macos-x86_64 | 0.7.2 | 108.00 | NOTE | |||
r-oldrel-windows-ix86+x86_64 | 0.7.2 | 313.00 | 246.00 | 559.00 | OK |
Version: 0.7.2
Check: installed package size
Result: NOTE
installed size is 5.9Mb
sub-directories of 1Mb or more:
data 1.3Mb
libs 4.0Mb
Flavors: r-devel-linux-x86_64-fedora-clang, r-release-macos-arm64, r-release-macos-x86_64, r-oldrel-macos-arm64, r-oldrel-macos-x86_64