Last updated on 2025-04-29 12:52:48 CEST.
Flavor | Version | Tinstall | Tcheck | Ttotal | Status | Flags |
---|---|---|---|---|---|---|
r-devel-linux-x86_64-debian-clang | 1.0 | 2.50 | 19.04 | 21.54 | NOTE | |
r-devel-linux-x86_64-debian-gcc | 1.0 | 1.95 | 15.44 | 17.39 | NOTE | |
r-devel-linux-x86_64-fedora-clang | 1.0 | 33.35 | NOTE | |||
r-devel-linux-x86_64-fedora-gcc | 1.0 | 32.05 | NOTE | |||
r-devel-windows-x86_64 | 1.0 | 4.00 | 40.00 | 44.00 | OK | |
r-patched-linux-x86_64 | 1.0 | 2.46 | 18.22 | 20.68 | OK | |
r-release-linux-x86_64 | 1.0 | 2.14 | 18.30 | 20.44 | OK | |
r-release-macos-arm64 | 1.0 | 16.00 | OK | |||
r-release-macos-x86_64 | 1.0 | 26.00 | OK | |||
r-release-windows-x86_64 | 1.0 | 5.00 | 43.00 | 48.00 | OK | |
r-oldrel-macos-arm64 | 1.0 | 16.00 | OK | |||
r-oldrel-macos-x86_64 | 1.0 | 23.00 | OK | |||
r-oldrel-windows-x86_64 | 1.0 | 4.00 | 39.00 | 43.00 | OK |
Version: 1.0
Check: CRAN incoming feasibility
Result: NOTE
Maintainer: ‘Chuan Hong <hong.chuan.hannah@gmail.com>’
No Authors@R field in DESCRIPTION.
Please add one, modifying
Authors@R: c(person(given = "Chuan",
family = "Hong",
role = c("aut", "cre"),
email = "hong.chuan.hannah@gmail.com"),
person(given = "Yong",
family = "Chen",
role = "aut"),
person(given = "Yang",
family = "Ning",
role = "aut"),
person(given = "Hao",
family = "Wu",
role = "aut"))
as necessary.
Flavors: r-devel-linux-x86_64-debian-clang, r-devel-linux-x86_64-debian-gcc
Version: 1.0
Check: compiled code
Result: NOTE
File ‘robustETM/libs/robustETM.so’:
Found no calls to: ‘R_registerRoutines’, ‘R_useDynamicSymbols’
It is good practice to register native routines and to disable symbol
search.
See ‘Writing portable packages’ in the ‘Writing R Extensions’ manual.
Flavors: r-devel-linux-x86_64-fedora-clang, r-devel-linux-x86_64-fedora-gcc