Last updated on 2024-04-18 12:52:58 CEST.
Flavor | Version | Tinstall | Tcheck | Ttotal | Status | Flags |
---|---|---|---|---|---|---|
r-devel-linux-x86_64-debian-clang | 0.2.2 | 8.43 | 199.74 | 208.17 | OK | |
r-devel-linux-x86_64-debian-gcc | 0.2.2 | 5.55 | 144.91 | 150.46 | OK | |
r-devel-linux-x86_64-fedora-clang | 0.2.2 | 249.14 | OK | |||
r-devel-linux-x86_64-fedora-gcc | 0.2.2 | 252.86 | OK | |||
r-prerel-macos-arm64 | 0.2.2 | 79.00 | OK | |||
r-prerel-windows-x86_64 | 0.2.2 | 8.00 | 169.00 | 177.00 | OK | |
r-patched-linux-x86_64 | 0.2.2 | 15.18 | 189.13 | 204.31 | OK | |
r-release-linux-x86_64 | 0.2.2 | 7.73 | 195.86 | 203.59 | OK | |
r-release-macos-arm64 | 0.2.2 | 84.00 | OK | |||
r-release-macos-x86_64 | 0.2.2 | 126.00 | NOTE | |||
r-release-windows-x86_64 | 0.2.2 | 11.00 | 217.00 | 228.00 | OK | |
r-oldrel-macos-arm64 | 0.2.2 | 62.00 | OK | |||
r-oldrel-windows-x86_64 | 0.2.2 | 11.00 | 227.00 | 238.00 | OK |
Version: 0.2.2
Check: package dependencies
Result: NOTE
Package suggested but not available for checking: ‘ivgets’
Flavor: r-release-macos-x86_64
Version: 0.2.2
Check: Rd cross-references
Result: NOTE
Package unavailable to check Rd xrefs: ‘ivgets’
Flavor: r-release-macos-x86_64